{"id":2329,"date":"2019-09-19T09:19:44","date_gmt":"2019-09-19T12:19:44","guid":{"rendered":"https:\/\/www.ufsm.br\/unidades-universitarias\/ipeamarelo\/?page_id=2329"},"modified":"2026-03-04T14:17:28","modified_gmt":"2026-03-04T17:17:28","slug":"visitas","status":"publish","type":"page","link":"https:\/\/www.ufsm.br\/unidades-universitarias\/ipeamarelo\/visitas","title":{"rendered":"Visitas"},"content":{"rendered":"\t\t<div data-elementor-type=\"wp-post\" data-elementor-id=\"2329\" class=\"elementor elementor-2329\">\n\t\t\t\t\t\t<section class=\"elementor-section elementor-top-section elementor-element elementor-element-26e0fed elementor-section-boxed elementor-section-height-default elementor-section-height-default\" data-id=\"26e0fed\" data-element_type=\"section\">\n\t\t\t\t\t\t<div class=\"elementor-container elementor-column-gap-default\">\n\t\t\t\t\t<div class=\"elementor-column elementor-col-100 elementor-top-column elementor-element elementor-element-da960f4\" data-id=\"da960f4\" data-element_type=\"column\">\n\t\t\t<div class=\"elementor-widget-wrap elementor-element-populated\">\n\t\t\t\t\t\t<div class=\"elementor-element elementor-element-c0e8cbd elementor-widget elementor-widget-text-editor\" data-id=\"c0e8cbd\" data-element_type=\"widget\" data-widget_type=\"text-editor.default\">\n\t\t\t\t<div class=\"elementor-widget-container\">\n\t\t\t\t\t\t\t<p><span style=\"font-weight: 400\">A Unidade de Educa\u00e7\u00e3o Infantil Ip\u00ea Amarelo (UEIIA), como espa\u00e7o de ensino, pesquisa e extens\u00e3o e reconhecida como Col\u00e9gio de Aplica\u00e7\u00e3o a partir da Portaria n\u00ba <\/span><span style=\"font-weight: 400\">694,<\/span><span style=\"font-weight: 400\"> publicada em 23 de setembro de 2022 pelo Minist\u00e9rio da Educa\u00e7\u00e3o (MEC), torna-se espa\u00e7o preferencial para o desenvolvimento de pr\u00e1ticas de est\u00e1gio curricular, reafirmando seu compromisso como espa\u00e7o de forma\u00e7\u00e3o inicial e continuada. Para atender a estes fins, a UEIIA recebe<\/span><span style=\"font-weight: 400\"> acad\u00eamicos(as) e professores(as) de diversos cursos da UFSM, bem como de demais institui\u00e7\u00f5es de Educa\u00e7\u00e3o B\u00e1sica e Ensino Superior, para a realiza\u00e7\u00e3o de pesquisa, inser\u00e7\u00e3o<\/span><span style=\"font-weight: 400\"> de disciplinas, desenvolvimento de aulas pr\u00e1ticas e visitas em geral, com agendamento pr\u00e9vio, conforme a especificidade da visita.<\/span><\/p>\t\t\t\t\t\t<\/div>\n\t\t\t\t<\/div>\n\t\t\t\t\t<\/div>\n\t\t<\/div>\n\t\t\t\t\t<\/div>\n\t\t<\/section>\n\t\t\t\t<section class=\"elementor-section elementor-top-section elementor-element elementor-element-e95031e elementor-section-boxed elementor-section-height-default elementor-section-height-default\" data-id=\"e95031e\" data-element_type=\"section\">\n\t\t\t\t\t\t<div class=\"elementor-container elementor-column-gap-default\">\n\t\t\t\t\t<div class=\"elementor-column elementor-col-100 elementor-top-column elementor-element elementor-element-d6c4e4b\" data-id=\"d6c4e4b\" data-element_type=\"column\">\n\t\t\t<div class=\"elementor-widget-wrap elementor-element-populated\">\n\t\t\t\t\t\t<div class=\"elementor-element elementor-element-15a8c87 elementor-widget elementor-widget-heading\" data-id=\"15a8c87\" data-element_type=\"widget\" data-widget_type=\"heading.default\">\n\t\t\t\t<div class=\"elementor-widget-container\">\n\t\t\t<h2 class=\"elementor-heading-title elementor-size-default\">Visitas formativas<\/h2>\t\t<\/div>\n\t\t\t\t<\/div>\n\t\t\t\t\t<\/div>\n\t\t<\/div>\n\t\t\t\t\t<\/div>\n\t\t<\/section>\n\t\t\t\t<section class=\"elementor-section elementor-top-section elementor-element elementor-element-7495fa9 elementor-section-boxed elementor-section-height-default elementor-section-height-default\" data-id=\"7495fa9\" data-element_type=\"section\">\n\t\t\t\t\t\t<div class=\"elementor-container elementor-column-gap-default\">\n\t\t\t\t\t<div class=\"elementor-column elementor-col-100 elementor-top-column elementor-element elementor-element-19f2f08\" data-id=\"19f2f08\" data-element_type=\"column\">\n\t\t\t<div class=\"elementor-widget-wrap elementor-element-populated\">\n\t\t\t\t\t\t<div class=\"elementor-element elementor-element-a686240 elementor-widget elementor-widget-text-editor\" data-id=\"a686240\" data-element_type=\"widget\" data-widget_type=\"text-editor.default\">\n\t\t\t\t<div class=\"elementor-widget-container\">\n\t\t\t\t\t\t\t<p><span style=\"font-weight: 400\">As <\/span><span style=\"font-weight: 400\">visitas formativas<\/span><span style=\"font-weight: 400\"> t\u00eam como prop\u00f3sito contribuir, prioritariamente, com a forma\u00e7\u00e3o continuada de professores(as) que atuam na Educa\u00e7\u00e3o Infantil, por meio da troca de experi\u00eancias e do di\u00e1logo reflexivo sobre a pr\u00e1tica pedag\u00f3gica na Educa\u00e7\u00e3o Infantil. Tamb\u00e9m s\u00e3o aceitas visitas de grupos vinculados \u00e0s demais etapas da Educa\u00e7\u00e3o B\u00e1sica e outros n\u00edveis e diferentes modalidades de ensino.\u00a0<\/span><\/p><p><span style=\"font-weight: 400\">\u00a0O agendamento das visitas poder\u00e1 ser feito pelo respons\u00e1vel pela institui\u00e7\u00e3o, e as visitas ser\u00e3o realizadas de acordo com a disponibilidade da Unidade.<\/span><\/p>\t\t\t\t\t\t<\/div>\n\t\t\t\t<\/div>\n\t\t\t\t\t<\/div>\n\t\t<\/div>\n\t\t\t\t\t<\/div>\n\t\t<\/section>\n\t\t\t\t<section class=\"elementor-section elementor-top-section elementor-element elementor-element-00c4f33 elementor-section-boxed elementor-section-height-default elementor-section-height-default\" data-id=\"00c4f33\" data-element_type=\"section\">\n\t\t\t\t\t\t<div class=\"elementor-container elementor-column-gap-default\">\n\t\t\t\t\t<div class=\"elementor-column elementor-col-100 elementor-top-column elementor-element elementor-element-0b59158\" data-id=\"0b59158\" data-element_type=\"column\">\n\t\t\t<div class=\"elementor-widget-wrap elementor-element-populated\">\n\t\t\t\t\t\t<div class=\"elementor-element elementor-element-37826e4 elementor-widget elementor-widget-text-editor\" data-id=\"37826e4\" data-element_type=\"widget\" data-widget_type=\"text-editor.default\">\n\t\t\t\t<div class=\"elementor-widget-container\">\n\t\t\t\t\t\t\t<p style=\"text-align: center\"><a href=\"https:\/\/forms.gle\/VCpWoqyMPjWQfhjy5\" target=\"_blank\" rel=\"noopener\">Formul\u00e1rio para agendamento de visita formativa<\/a><\/p>\t\t\t\t\t\t<\/div>\n\t\t\t\t<\/div>\n\t\t\t\t\t<\/div>\n\t\t<\/div>\n\t\t\t\t\t<\/div>\n\t\t<\/section>\n\t\t\t\t<section class=\"elementor-section elementor-top-section elementor-element elementor-element-40cc7ec elementor-section-boxed elementor-section-height-default elementor-section-height-default\" data-id=\"40cc7ec\" data-element_type=\"section\">\n\t\t\t\t\t\t<div class=\"elementor-container elementor-column-gap-default\">\n\t\t\t\t\t<div class=\"elementor-column elementor-col-100 elementor-top-column elementor-element elementor-element-62851f2\" data-id=\"62851f2\" data-element_type=\"column\">\n\t\t\t<div class=\"elementor-widget-wrap elementor-element-populated\">\n\t\t\t\t\t\t<div class=\"elementor-element elementor-element-db99604 elementor-widget elementor-widget-heading\" data-id=\"db99604\" data-element_type=\"widget\" data-widget_type=\"heading.default\">\n\t\t\t\t<div class=\"elementor-widget-container\">\n\t\t\t<h2 class=\"elementor-heading-title elementor-size-default\">Visitas acad\u00eamicas<\/h2>\t\t<\/div>\n\t\t\t\t<\/div>\n\t\t\t\t\t<\/div>\n\t\t<\/div>\n\t\t\t\t\t<\/div>\n\t\t<\/section>\n\t\t\t\t<section class=\"elementor-section elementor-top-section elementor-element elementor-element-3f6ed13 elementor-section-boxed elementor-section-height-default elementor-section-height-default\" data-id=\"3f6ed13\" data-element_type=\"section\">\n\t\t\t\t\t\t<div class=\"elementor-container elementor-column-gap-default\">\n\t\t\t\t\t<div class=\"elementor-column elementor-col-100 elementor-top-column elementor-element elementor-element-1e5f34b\" data-id=\"1e5f34b\" data-element_type=\"column\">\n\t\t\t<div class=\"elementor-widget-wrap elementor-element-populated\">\n\t\t\t\t\t\t<div class=\"elementor-element elementor-element-3624a83 elementor-widget elementor-widget-text-editor\" data-id=\"3624a83\" data-element_type=\"widget\" data-widget_type=\"text-editor.default\">\n\t\t\t\t<div class=\"elementor-widget-container\">\n\t\t\t\t\t\t\t<p><span style=\"font-weight: 400\">Como espa\u00e7o de pr\u00e1tica, recebemos acad\u00eamicos dos cursos da UFSM, bem como de outras Institui\u00e7\u00f5es de Ensino Superior, para inser\u00e7\u00e3o de disciplinas e desenvolvimento de aulas pr\u00e1ticas. <\/span><b>O agendamento dever\u00e1 ser realizado pela professora respons\u00e1vel pela disciplina <\/b><span style=\"font-weight: 400\">(na medida do poss\u00edvel, acolheremos as visitas conforme os dias e hor\u00e1rios das disciplinas).<\/span><\/p>\t\t\t\t\t\t<\/div>\n\t\t\t\t<\/div>\n\t\t\t\t\t<\/div>\n\t\t<\/div>\n\t\t\t\t\t<\/div>\n\t\t<\/section>\n\t\t\t\t<section class=\"elementor-section elementor-top-section elementor-element elementor-element-f1618d8 elementor-section-boxed elementor-section-height-default elementor-section-height-default\" data-id=\"f1618d8\" data-element_type=\"section\">\n\t\t\t\t\t\t<div class=\"elementor-container elementor-column-gap-default\">\n\t\t\t\t\t<div class=\"elementor-column elementor-col-100 elementor-top-column elementor-element elementor-element-236583c\" data-id=\"236583c\" data-element_type=\"column\">\n\t\t\t<div class=\"elementor-widget-wrap elementor-element-populated\">\n\t\t\t\t\t\t<div class=\"elementor-element elementor-element-0842912 elementor-widget elementor-widget-text-editor\" data-id=\"0842912\" data-element_type=\"widget\" data-widget_type=\"text-editor.default\">\n\t\t\t\t<div class=\"elementor-widget-container\">\n\t\t\t\t\t\t\t<p style=\"text-align: center\"><a href=\"https:\/\/forms.gle\/ofinNwtmXWuzshW77\" target=\"_blank\" rel=\"noopener\">Formul\u00e1rio para agendamento de visita acad\u00eamica<\/a><\/p>\t\t\t\t\t\t<\/div>\n\t\t\t\t<\/div>\n\t\t\t\t\t<\/div>\n\t\t<\/div>\n\t\t\t\t\t<\/div>\n\t\t<\/section>\n\t\t\t\t<section class=\"elementor-section elementor-top-section elementor-element elementor-element-cd19b11 elementor-section-boxed elementor-section-height-default elementor-section-height-default\" data-id=\"cd19b11\" data-element_type=\"section\">\n\t\t\t\t\t\t<div class=\"elementor-container elementor-column-gap-default\">\n\t\t\t\t\t<div class=\"elementor-column elementor-col-100 elementor-top-column elementor-element elementor-element-925dbcc\" data-id=\"925dbcc\" data-element_type=\"column\">\n\t\t\t<div class=\"elementor-widget-wrap elementor-element-populated\">\n\t\t\t\t\t\t<div class=\"elementor-element elementor-element-c70fe8b elementor-widget elementor-widget-heading\" data-id=\"c70fe8b\" data-element_type=\"widget\" data-widget_type=\"heading.default\">\n\t\t\t\t<div class=\"elementor-widget-container\">\n\t\t\t<h2 class=\"elementor-heading-title elementor-size-default\">Fam\u00edlias<\/h2>\t\t<\/div>\n\t\t\t\t<\/div>\n\t\t\t\t\t<\/div>\n\t\t<\/div>\n\t\t\t\t\t<\/div>\n\t\t<\/section>\n\t\t\t\t<section class=\"elementor-section elementor-top-section elementor-element elementor-element-a3f7b0d elementor-section-boxed elementor-section-height-default elementor-section-height-default\" data-id=\"a3f7b0d\" data-element_type=\"section\">\n\t\t\t\t\t\t<div class=\"elementor-container elementor-column-gap-default\">\n\t\t\t\t\t<div class=\"elementor-column elementor-col-100 elementor-top-column elementor-element elementor-element-a020a82\" data-id=\"a020a82\" data-element_type=\"column\">\n\t\t\t<div class=\"elementor-widget-wrap elementor-element-populated\">\n\t\t\t\t\t\t<div class=\"elementor-element elementor-element-69107e8 elementor-widget elementor-widget-text-editor\" data-id=\"69107e8\" data-element_type=\"widget\" data-widget_type=\"text-editor.default\">\n\t\t\t\t<div class=\"elementor-widget-container\">\n\t\t\t\t\t\t\t<div>Em 2026, receberemos fam\u00edlias que pretendem participar do sorteio para conhecer a Ip\u00ea Amarelo em <b>encontros coletivos<\/b> na unidade a partir de novembro, quando o edital estiver aberto. A solicita\u00e7\u00e3o ser\u00e1 confirmada atrav\u00e9s do e-mail cadastrado no formul\u00e1rio at\u00e9 3 dias antes da data prevista para a visita.\u00a0<\/div><div><b>As crian\u00e7as tamb\u00e9m s\u00e3o bem-vindas!<\/b><\/div>\t\t\t\t\t\t<\/div>\n\t\t\t\t<\/div>\n\t\t\t\t\t<\/div>\n\t\t<\/div>\n\t\t\t\t\t<\/div>\n\t\t<\/section>\n\t\t\t\t<section class=\"elementor-section elementor-top-section elementor-element elementor-element-faaef01 elementor-section-boxed elementor-section-height-default elementor-section-height-default\" data-id=\"faaef01\" data-element_type=\"section\">\n\t\t\t\t\t\t<div class=\"elementor-container elementor-column-gap-default\">\n\t\t\t\t\t<div class=\"elementor-column elementor-col-100 elementor-top-column elementor-element elementor-element-231cce8\" data-id=\"231cce8\" data-element_type=\"column\">\n\t\t\t<div class=\"elementor-widget-wrap elementor-element-populated\">\n\t\t\t\t\t\t\t<\/div>\n\t\t<\/div>\n\t\t\t\t\t<\/div>\n\t\t<\/section>\n\t\t\t\t<\/div>\n\t\t","protected":false},"excerpt":{"rendered":"<p>A Unidade de Educa\u00e7\u00e3o Infantil Ip\u00ea Amarelo (UEIIA), como espa\u00e7o de ensino, pesquisa e extens\u00e3o e reconhecida como Col\u00e9gio de Aplica\u00e7\u00e3o a partir da Portaria n\u00ba 694, publicada em 23 de setembro de 2022 pelo Minist\u00e9rio da Educa\u00e7\u00e3o (MEC), torna-se espa\u00e7o preferencial para o desenvolvimento de pr\u00e1ticas de est\u00e1gio curricular, reafirmando seu compromisso como espa\u00e7o [&hellip;]<\/p>\n","protected":false},"author":512,"featured_media":4273,"parent":0,"menu_order":0,"comment_status":"closed","ping_status":"closed","template":"","meta":{"footnotes":""},"categories":[],"tags":[],"class_list":["post-2329","page","type-page","status-publish","has-post-thumbnail","hentry"],"acf":[],"_links":{"self":[{"href":"https:\/\/www.ufsm.br\/unidades-universitarias\/ipeamarelo\/wp-json\/wp\/v2\/pages\/2329","targetHints":{"allow":["GET"]}}],"collection":[{"href":"https:\/\/www.ufsm.br\/unidades-universitarias\/ipeamarelo\/wp-json\/wp\/v2\/pages"}],"about":[{"href":"https:\/\/www.ufsm.br\/unidades-universitarias\/ipeamarelo\/wp-json\/wp\/v2\/types\/page"}],"author":[{"embeddable":true,"href":"https:\/\/www.ufsm.br\/unidades-universitarias\/ipeamarelo\/wp-json\/wp\/v2\/users\/512"}],"replies":[{"embeddable":true,"href":"https:\/\/www.ufsm.br\/unidades-universitarias\/ipeamarelo\/wp-json\/wp\/v2\/comments?post=2329"}],"version-history":[{"count":0,"href":"https:\/\/www.ufsm.br\/unidades-universitarias\/ipeamarelo\/wp-json\/wp\/v2\/pages\/2329\/revisions"}],"wp:featuredmedia":[{"embeddable":true,"href":"https:\/\/www.ufsm.br\/unidades-universitarias\/ipeamarelo\/wp-json\/wp\/v2\/media\/4273"}],"wp:attachment":[{"href":"https:\/\/www.ufsm.br\/unidades-universitarias\/ipeamarelo\/wp-json\/wp\/v2\/media?parent=2329"}],"wp:term":[{"taxonomy":"category","embeddable":true,"href":"https:\/\/www.ufsm.br\/unidades-universitarias\/ipeamarelo\/wp-json\/wp\/v2\/categories?post=2329"},{"taxonomy":"post_tag","embeddable":true,"href":"https:\/\/www.ufsm.br\/unidades-universitarias\/ipeamarelo\/wp-json\/wp\/v2\/tags?post=2329"}],"curies":[{"name":"wp","href":"https:\/\/api.w.org\/{rel}","templated":true}]}}