{"id":3262,"date":"2023-01-23T15:01:36","date_gmt":"2023-01-23T18:01:36","guid":{"rendered":"https:\/\/www.ufsm.br\/unidades-universitarias\/ipeamarelo\/?page_id=3262"},"modified":"2024-07-18T09:16:44","modified_gmt":"2024-07-18T12:16:44","slug":"instrucoes-normativas-da-ueiia","status":"publish","type":"page","link":"https:\/\/www.ufsm.br\/unidades-universitarias\/ipeamarelo\/instrucoes-normativas-da-ueiia","title":{"rendered":"Instru\u00e7\u00f5es Normativas da UEIIA"},"content":{"rendered":"\n<h3>Instru\u00e7\u00f5es Normativas em vigor<\/h3>\n<h4><strong>2023<\/strong><\/h4>\n<p><a href=\"https:\/\/www.ufsm.br\/app\/uploads\/sites\/359\/2023\/01\/INOR_UEIIA_UFSM_2023_001.pdf\" target=\"_blank\" rel=\"noopener\"><strong>Instru\u00e7\u00e3o Normativa n.\u00ba 01\/2023\/UEIIA<\/strong><\/a>, de 20 de janeiro de 2023 \u2013 Estabelece o cumprimento da jornada de trabalho dos(as) servidores (as) da Unidade de Educa\u00e7\u00e3o Infantil Ip\u00ea Amarelo no per\u00edodo de f\u00e9rias letivas.<\/p>\n<p><a href=\"https:\/\/www.ufsm.br\/pro-reitorias\/proplan\/instrucao-normativa-ueiia-ufsm-n-002-2023\" target=\"_blank\" rel=\"noopener\"><strong>Instru\u00e7\u00e3o Normativa n.\u00ba 02\/2023\/UEIIA<\/strong><\/a>, de 08 de fevereiro de 2023 \u2013 Altera a Instru\u00e7\u00e3o Normativa UEIIA\/UFSM N. 001 de 20 de janeiro de 2023, que estabelece o cumprimento da jornada de trabalho dos(as) servidores(as) da Unidade de Educa\u00e7\u00e3o Infantil Ip\u00ea Amarelo no per\u00edodo de f\u00e9rias letivas.<\/p>\n<h4><strong>2024<\/strong><\/h4>\n<p><a href=\"https:\/\/portal.ufsm.br\/documentos\/publico\/documento.html?id=15113660\" target=\"_blank\" rel=\"noopener\"><strong>Instru\u00e7\u00e3o Normativa n.\u00ba 03\/2024\/UEIIA<\/strong><\/a>, de 17 de julho de 2024 \u2013 Altera as Instru\u00e7\u00f5es Normativas UEIIA\/UFSM N. 001 de 20 de janeiro de 2023 e N. 002 de 08 de fevereiro de 2023, que estabelecem o cumprimento da jornada de trabalho dos(as) servidores (as) da Unidade de Educa\u00e7\u00e3o Infantil Ip\u00ea Amarelo no per\u00edodo de f\u00e9rias letivas.<\/p>\n<p>\u00a0<\/p>\n<h3>Instru\u00e7\u00f5es Normativas revogadas<\/h3>\n<p>\u00a0<\/p>\n<p>\u00a0<\/p>\n","protected":false},"excerpt":{"rendered":"<p>Instru\u00e7\u00f5es Normativas em vigor 2023 Instru\u00e7\u00e3o Normativa n.\u00ba 01\/2023\/UEIIA, de 20 de janeiro de 2023 \u2013 Estabelece o cumprimento da jornada de trabalho dos(as) servidores (as) da Unidade de Educa\u00e7\u00e3o Infantil Ip\u00ea Amarelo no per\u00edodo de f\u00e9rias letivas. Instru\u00e7\u00e3o Normativa n.\u00ba 02\/2023\/UEIIA, de 08 de fevereiro de 2023 \u2013 Altera a Instru\u00e7\u00e3o Normativa UEIIA\/UFSM N. [&hellip;]<\/p>\n","protected":false},"author":512,"featured_media":0,"parent":0,"menu_order":0,"comment_status":"closed","ping_status":"closed","template":"","meta":{"footnotes":""},"categories":[],"tags":[],"class_list":["post-3262","page","type-page","status-publish","hentry"],"acf":[],"_links":{"self":[{"href":"https:\/\/www.ufsm.br\/unidades-universitarias\/ipeamarelo\/wp-json\/wp\/v2\/pages\/3262","targetHints":{"allow":["GET"]}}],"collection":[{"href":"https:\/\/www.ufsm.br\/unidades-universitarias\/ipeamarelo\/wp-json\/wp\/v2\/pages"}],"about":[{"href":"https:\/\/www.ufsm.br\/unidades-universitarias\/ipeamarelo\/wp-json\/wp\/v2\/types\/page"}],"author":[{"embeddable":true,"href":"https:\/\/www.ufsm.br\/unidades-universitarias\/ipeamarelo\/wp-json\/wp\/v2\/users\/512"}],"replies":[{"embeddable":true,"href":"https:\/\/www.ufsm.br\/unidades-universitarias\/ipeamarelo\/wp-json\/wp\/v2\/comments?post=3262"}],"version-history":[{"count":0,"href":"https:\/\/www.ufsm.br\/unidades-universitarias\/ipeamarelo\/wp-json\/wp\/v2\/pages\/3262\/revisions"}],"wp:attachment":[{"href":"https:\/\/www.ufsm.br\/unidades-universitarias\/ipeamarelo\/wp-json\/wp\/v2\/media?parent=3262"}],"wp:term":[{"taxonomy":"category","embeddable":true,"href":"https:\/\/www.ufsm.br\/unidades-universitarias\/ipeamarelo\/wp-json\/wp\/v2\/categories?post=3262"},{"taxonomy":"post_tag","embeddable":true,"href":"https:\/\/www.ufsm.br\/unidades-universitarias\/ipeamarelo\/wp-json\/wp\/v2\/tags?post=3262"}],"curies":[{"name":"wp","href":"https:\/\/api.w.org\/{rel}","templated":true}]}}