{"id":159,"date":"2018-10-01T15:37:36","date_gmt":"2018-10-01T18:37:36","guid":{"rendered":"https:\/\/www.ufsm.br\/unidades-universitarias\/palmeira-das-missoes\/?page_id=159"},"modified":"2025-10-03T11:17:03","modified_gmt":"2025-10-03T14:17:03","slug":"biblioteca-setorial-ufsm-pm","status":"publish","type":"page","link":"https:\/\/www.ufsm.br\/unidades-universitarias\/palmeira-das-missoes\/biblioteca-setorial-ufsm-pm","title":{"rendered":"Biblioteca Fora de Sede da UFSM-PM"},"content":{"rendered":"<div class=\"wp-block-image\">\n<figure class=\"aligncenter size-large\"><img fetchpriority=\"high\" decoding=\"async\" width=\"1024\" height=\"683\" src=\"https:\/\/www.ufsm.br\/app\/uploads\/sites\/378\/2025\/10\/DSC0044-1-1024x683.jpg\" alt=\"\" class=\"wp-image-9510\" srcset=\"https:\/\/www.ufsm.br\/app\/uploads\/sites\/378\/2025\/10\/DSC0044-1-1024x683.jpg 1024w, https:\/\/www.ufsm.br\/app\/uploads\/sites\/378\/2025\/10\/DSC0044-1-300x200.jpg 300w, https:\/\/www.ufsm.br\/app\/uploads\/sites\/378\/2025\/10\/DSC0044-1-768x512.jpg 768w, https:\/\/www.ufsm.br\/app\/uploads\/sites\/378\/2025\/10\/DSC0044-1-1536x1024.jpg 1536w, https:\/\/www.ufsm.br\/app\/uploads\/sites\/378\/2025\/10\/DSC0044-1-272x182.jpg 272w, https:\/\/www.ufsm.br\/app\/uploads\/sites\/378\/2025\/10\/DSC0044-1.jpg 1920w\" sizes=\"(max-width: 1024px) 100vw, 1024px\" \/><\/figure>\n<\/div>\n\n<h2>\u00a0<\/h2>\n<h2><a href=\"http:\/\/portal.ufsm.br\/biblioteca\/pesquisa\/index.html\" target=\"_blank\" rel=\"noopener\"><strong>BIBLIOTECA FORA DE SEDE D<\/strong><strong>A UFSM<\/strong><strong>\u00a0DE PALMEIRA DAS MISS\u00d5ES<\/strong><\/a><\/h2>\n<p align=\"JUSTIFY\"><strong>Hor\u00e1rio de expediente durante o per\u00edodo letivo<\/strong>: de segunda a sexta-feira, das 8h \u00e0s 21h.<\/p>\n<p align=\"JUSTIFY\"><strong>Fone<\/strong>: (55) 3742 \u2013 8804 (Setor de empr\u00e9stimos)<\/p>\n<p align=\"JUSTIFY\">\u00a0 \u00a0 \u00a0 \u00a0 \u00a0 \u00a0 (55) 3742\u00a0\u20138806 (Sala de processamento t\u00e9cnico)<\/p>\n<p><strong>E-mail<\/strong>: bibliotecapm@ufsm.br<\/p>\n<p align=\"JUSTIFY\"><strong>Localiza\u00e7\u00e3o<\/strong>: Av. Independ\u00eancia, 3751 &#8211; Bairro Vista Alegre. Palmeira das Miss\u00f5es \u2013 RS. CEP: 98.300-000<\/p>\n<p align=\"JUSTIFY\"><strong>Respons\u00e1vel<\/strong>: Nara Ilha<\/p>\n<p align=\"JUSTIFY\">\u00a0<\/p>\n\n\n<figure class=\"wp-block-gallery has-nested-images columns-default is-cropped wp-block-gallery-1 is-layout-flex wp-block-gallery-is-layout-flex\">\n<figure class=\"wp-block-image size-large\"><img decoding=\"async\" width=\"1024\" height=\"683\" data-id=\"9511\" src=\"https:\/\/www.ufsm.br\/app\/uploads\/sites\/378\/2025\/10\/DSC0037-1-1024x683.jpg\" alt=\"\" class=\"wp-image-9511\" srcset=\"https:\/\/www.ufsm.br\/app\/uploads\/sites\/378\/2025\/10\/DSC0037-1-1024x683.jpg 1024w, https:\/\/www.ufsm.br\/app\/uploads\/sites\/378\/2025\/10\/DSC0037-1-300x200.jpg 300w, https:\/\/www.ufsm.br\/app\/uploads\/sites\/378\/2025\/10\/DSC0037-1-768x512.jpg 768w, https:\/\/www.ufsm.br\/app\/uploads\/sites\/378\/2025\/10\/DSC0037-1-1536x1024.jpg 1536w, https:\/\/www.ufsm.br\/app\/uploads\/sites\/378\/2025\/10\/DSC0037-1-272x182.jpg 272w, https:\/\/www.ufsm.br\/app\/uploads\/sites\/378\/2025\/10\/DSC0037-1.jpg 1920w\" sizes=\"(max-width: 1024px) 100vw, 1024px\" \/><\/figure>\n\n\n\n<figure class=\"wp-block-image size-large\"><img decoding=\"async\" width=\"1024\" height=\"683\" data-id=\"9513\" src=\"https:\/\/www.ufsm.br\/app\/uploads\/sites\/378\/2025\/10\/DSC0045-1024x683.jpg\" alt=\"\" class=\"wp-image-9513\" srcset=\"https:\/\/www.ufsm.br\/app\/uploads\/sites\/378\/2025\/10\/DSC0045-1024x683.jpg 1024w, https:\/\/www.ufsm.br\/app\/uploads\/sites\/378\/2025\/10\/DSC0045-300x200.jpg 300w, https:\/\/www.ufsm.br\/app\/uploads\/sites\/378\/2025\/10\/DSC0045-768x512.jpg 768w, https:\/\/www.ufsm.br\/app\/uploads\/sites\/378\/2025\/10\/DSC0045-1536x1024.jpg 1536w, https:\/\/www.ufsm.br\/app\/uploads\/sites\/378\/2025\/10\/DSC0045-272x182.jpg 272w, https:\/\/www.ufsm.br\/app\/uploads\/sites\/378\/2025\/10\/DSC0045.jpg 1920w\" sizes=\"(max-width: 1024px) 100vw, 1024px\" \/><\/figure>\n\n\n\n<figure class=\"wp-block-image size-large\"><img loading=\"lazy\" decoding=\"async\" width=\"1024\" height=\"683\" data-id=\"9512\" src=\"https:\/\/www.ufsm.br\/app\/uploads\/sites\/378\/2025\/10\/DSC0049-1024x683.jpg\" alt=\"\" class=\"wp-image-9512\" srcset=\"https:\/\/www.ufsm.br\/app\/uploads\/sites\/378\/2025\/10\/DSC0049-1024x683.jpg 1024w, https:\/\/www.ufsm.br\/app\/uploads\/sites\/378\/2025\/10\/DSC0049-300x200.jpg 300w, https:\/\/www.ufsm.br\/app\/uploads\/sites\/378\/2025\/10\/DSC0049-768x512.jpg 768w, https:\/\/www.ufsm.br\/app\/uploads\/sites\/378\/2025\/10\/DSC0049-1536x1024.jpg 1536w, https:\/\/www.ufsm.br\/app\/uploads\/sites\/378\/2025\/10\/DSC0049-272x182.jpg 272w, https:\/\/www.ufsm.br\/app\/uploads\/sites\/378\/2025\/10\/DSC0049.jpg 1920w\" sizes=\"(max-width: 1024px) 100vw, 1024px\" \/><\/figure>\n<\/figure>\n\n\n","protected":false},"excerpt":{"rendered":"<p>\u00a0 BIBLIOTECA FORA DE SEDE DA UFSM\u00a0DE PALMEIRA DAS MISS\u00d5ES Hor\u00e1rio de expediente durante o per\u00edodo letivo: de segunda a sexta-feira, das 8h \u00e0s 21h. Fone: (55) 3742 \u2013 8804 (Setor de empr\u00e9stimos) \u00a0 \u00a0 \u00a0 \u00a0 \u00a0 \u00a0 (55) 3742\u00a0\u20138806 (Sala de processamento t\u00e9cnico) E-mail: bibliotecapm@ufsm.br Localiza\u00e7\u00e3o: Av. Independ\u00eancia, 3751 &#8211; Bairro Vista Alegre. [&hellip;]<\/p>\n","protected":false},"author":117,"featured_media":0,"parent":0,"menu_order":0,"comment_status":"closed","ping_status":"closed","template":"","meta":{"footnotes":""},"categories":[],"tags":[],"class_list":["post-159","page","type-page","status-publish","hentry"],"acf":[],"_links":{"self":[{"href":"https:\/\/www.ufsm.br\/unidades-universitarias\/palmeira-das-missoes\/wp-json\/wp\/v2\/pages\/159","targetHints":{"allow":["GET"]}}],"collection":[{"href":"https:\/\/www.ufsm.br\/unidades-universitarias\/palmeira-das-missoes\/wp-json\/wp\/v2\/pages"}],"about":[{"href":"https:\/\/www.ufsm.br\/unidades-universitarias\/palmeira-das-missoes\/wp-json\/wp\/v2\/types\/page"}],"author":[{"embeddable":true,"href":"https:\/\/www.ufsm.br\/unidades-universitarias\/palmeira-das-missoes\/wp-json\/wp\/v2\/users\/117"}],"replies":[{"embeddable":true,"href":"https:\/\/www.ufsm.br\/unidades-universitarias\/palmeira-das-missoes\/wp-json\/wp\/v2\/comments?post=159"}],"version-history":[{"count":0,"href":"https:\/\/www.ufsm.br\/unidades-universitarias\/palmeira-das-missoes\/wp-json\/wp\/v2\/pages\/159\/revisions"}],"wp:attachment":[{"href":"https:\/\/www.ufsm.br\/unidades-universitarias\/palmeira-das-missoes\/wp-json\/wp\/v2\/media?parent=159"}],"wp:term":[{"taxonomy":"category","embeddable":true,"href":"https:\/\/www.ufsm.br\/unidades-universitarias\/palmeira-das-missoes\/wp-json\/wp\/v2\/categories?post=159"},{"taxonomy":"post_tag","embeddable":true,"href":"https:\/\/www.ufsm.br\/unidades-universitarias\/palmeira-das-missoes\/wp-json\/wp\/v2\/tags?post=159"}],"curies":[{"name":"wp","href":"https:\/\/api.w.org\/{rel}","templated":true}]}}