{"id":5793,"date":"2021-08-20T11:48:29","date_gmt":"2021-08-20T14:48:29","guid":{"rendered":"https:\/\/www.ufsm.br\/unidades-universitarias\/palmeira-das-missoes\/?page_id=5793"},"modified":"2021-10-06T13:27:11","modified_gmt":"2021-10-06T16:27:11","slug":"15-anos-ufsm-pm","status":"publish","type":"page","link":"https:\/\/www.ufsm.br\/unidades-universitarias\/palmeira-das-missoes\/15-anos-ufsm-pm","title":{"rendered":"15 anos UFSM-PM"},"content":{"rendered":"\n<figure class=\"wp-block-image size-large is-resized is-style-rounded\"><img fetchpriority=\"high\" decoding=\"async\" src=\"https:\/\/www.ufsm.br\/app\/uploads\/sites\/378\/2021\/08\/Ha-15-anos-construindo-conhecimento-agregando-saberes-e-transformando-vidas.-1-1024x379.png\" alt=\"\" class=\"wp-image-5867\" width=\"1195\" height=\"442\" srcset=\"https:\/\/www.ufsm.br\/app\/uploads\/sites\/378\/2021\/08\/Ha-15-anos-construindo-conhecimento-agregando-saberes-e-transformando-vidas.-1-1024x379.png 1024w, https:\/\/www.ufsm.br\/app\/uploads\/sites\/378\/2021\/08\/Ha-15-anos-construindo-conhecimento-agregando-saberes-e-transformando-vidas.-1-300x111.png 300w, https:\/\/www.ufsm.br\/app\/uploads\/sites\/378\/2021\/08\/Ha-15-anos-construindo-conhecimento-agregando-saberes-e-transformando-vidas.-1-768x284.png 768w, https:\/\/www.ufsm.br\/app\/uploads\/sites\/378\/2021\/08\/Ha-15-anos-construindo-conhecimento-agregando-saberes-e-transformando-vidas.-1-1536x568.png 1536w, https:\/\/www.ufsm.br\/app\/uploads\/sites\/378\/2021\/08\/Ha-15-anos-construindo-conhecimento-agregando-saberes-e-transformando-vidas.-1.png 1920w\" sizes=\"(max-width: 1195px) 100vw, 1195px\" \/><\/figure>\n\n\n\n<p>&nbsp;<\/p>\n<p style=\"text-align: center\">No ano de 2021, a Universidade Federal de Santa Maria, <em>campus<\/em> Palmeira das Miss\u00f5es, comemora 15 anos desde a sua funda\u00e7\u00e3o no munic\u00edpio. S\u00e3o 15 anos de um ciclo com a cidade de Palmeira das Miss\u00f5es e regi\u00e3o: uma alian\u00e7a que constr\u00f3i projetos de ensino, pesquisa e extens\u00e3o, proporcionando o reconhecimento \u00e0 regi\u00e3o Noroeste do estado do Rio Grande do Sul.&nbsp;<\/p>\n<p style=\"text-align: center\">Para valorizar todas essas hist\u00f3rias, o selo dos 15 anos representa esta alian\u00e7a entre a institui\u00e7\u00e3o e a comunidade local e regional, refor\u00e7ando tamb\u00e9m o orgulho e a valoriza\u00e7\u00e3o da Universidade P\u00fablica.<\/p>\n<p style=\"text-align: center\"><strong>UFSM-PM,&nbsp;h\u00e1 15 anos construindo conhecimento, agregando saberes e transformando vidas.<\/strong><\/p>\n<hr>\n<p>&nbsp;<\/p>\n\n\n\n<div class=\"wp-block-buttons is-layout-flex wp-block-buttons-is-layout-flex\">\n<div class=\"wp-block-button has-custom-width wp-block-button__width-100\"><a class=\"wp-block-button__link has-text-color has-background\" href=\"https:\/\/www.ufsm.br\/unidades-universitarias\/palmeira-das-missoes\/depoimentos-15-anos\/\" style=\"border-radius:12px;background-color:#121b5b;color:#0071a1\"><span style=\"color:#ffffff\" class=\"tadv-color\">Depoimentos 15 anos<\/span><\/a><\/div>\n\n\n\n<div class=\"wp-block-button has-custom-width wp-block-button__width-100 is-style-fill\"><a class=\"wp-block-button__link has-white-color has-text-color has-background\" href=\"https:\/\/www.ufsm.br\/unidades-universitarias\/palmeira-das-missoes\/elementor-5795\/\" style=\"border-radius:12px;background-color:#121b5b\"><span style=\"color:#ffffff\" class=\"tadv-color\">Exposi\u00e7\u00e3o UFSM-PM 15 anos<\/span><\/a><\/div>\n\n\n\n<div class=\"wp-block-button has-custom-width wp-block-button__width-100\"><a class=\"wp-block-button__link has-background\" href=\"https:\/\/www.ufsm.br\/unidades-universitarias\/palmeira-das-missoes\/elementor-5794\/\" style=\"border-radius:12px;background-color:#121b5b\"><span style=\"color:#ffffff\" class=\"tadv-color\">S\u00e9rie UFSM-PM 15 anos<\/span><\/a><\/div>\n<\/div>\n\n\n\n<p><\/p>\n\n\n<hr>\n\n\n<div class=\"wp-block-image\"><figure class=\"aligncenter size-large\"><a href=\"https:\/\/www.ufsm.br\/unidades-universitarias\/palmeira-das-missoes\/eventos\/eventos-comemorativos-15-anos-da-ufsm-pm\/\"><img decoding=\"async\" width=\"1024\" height=\"379\" src=\"https:\/\/www.ufsm.br\/app\/uploads\/sites\/378\/2021\/08\/Eventos-Comemorativos-1024x379.png\" alt=\"\" class=\"wp-image-5856\" srcset=\"https:\/\/www.ufsm.br\/app\/uploads\/sites\/378\/2021\/08\/Eventos-Comemorativos-1024x379.png 1024w, https:\/\/www.ufsm.br\/app\/uploads\/sites\/378\/2021\/08\/Eventos-Comemorativos-300x111.png 300w, https:\/\/www.ufsm.br\/app\/uploads\/sites\/378\/2021\/08\/Eventos-Comemorativos-768x284.png 768w, https:\/\/www.ufsm.br\/app\/uploads\/sites\/378\/2021\/08\/Eventos-Comemorativos-1536x568.png 1536w, https:\/\/www.ufsm.br\/app\/uploads\/sites\/378\/2021\/08\/Eventos-Comemorativos.png 1920w\" sizes=\"(max-width: 1024px) 100vw, 1024px\" \/><\/a><\/figure><\/div>\n\n\n<p>\u00a0<\/p>\n<hr \/>\n\n\n<div class=\"wp-block-image\"><figure class=\"alignleft size-large is-resized\"><img decoding=\"async\" src=\"https:\/\/www.ufsm.br\/app\/uploads\/sites\/378\/2021\/10\/luiz-anildo-1024x1024-1-1024x1024.jpg\" alt=\"\" class=\"wp-image-6160\" width=\"311\" height=\"311\" srcset=\"https:\/\/www.ufsm.br\/app\/uploads\/sites\/378\/2021\/10\/luiz-anildo-1024x1024-1.jpg 1024w, https:\/\/www.ufsm.br\/app\/uploads\/sites\/378\/2021\/10\/luiz-anildo-1024x1024-1-300x300.jpg 300w, https:\/\/www.ufsm.br\/app\/uploads\/sites\/378\/2021\/10\/luiz-anildo-1024x1024-1-150x150.jpg 150w, https:\/\/www.ufsm.br\/app\/uploads\/sites\/378\/2021\/10\/luiz-anildo-1024x1024-1-768x768.jpg 768w\" sizes=\"(max-width: 311px) 100vw, 311px\" \/><figcaption>Diretor Luiz Anildo Anacleto da Silva<\/figcaption><\/figure><\/div>\n\n\n<h3 style=\"text-align: center\"><strong>15 anos da Universidade Federal de Santa Maria em Palmeira das Miss\u00f5es<\/strong><\/h3>\n<h5 style=\"text-align: center\"><strong>Luiz Anildo Anacleto da Silva<\/strong><\/h5>\n<p>Seguramente, um marco hist\u00f3rico para a regi\u00e3o norte do Estado do Rio Grande do Sul, uma oportunidade de sonhos para muitos jovens e suas fam\u00edlias, assim como um prof\u00edcuo passo para o desenvolvimento regional. Neste m\u00eas de outubro, comemoramos <strong>15 anos da Universidade Federal de Santa Maria \u2013 <em>campus <\/em>Palmeira das Miss\u00f5es<\/strong>. Geograficamente, at\u00e9 a data da instala\u00e7\u00e3o desta unidade em Palmeira das Miss\u00f5es e Frederico Westphalen, na metade norte do Estado do Rio Grande do Sul, n\u00e3o havia ensino universit\u00e1rio p\u00fablico. Fato que, de certa maneira, penalizava os menos favorecidos economicamente. Felizmente, por iniciativa governamental, houve uma pol\u00edtica de expans\u00e3o do ensino superior no pa\u00eds, associado a uma prof\u00edcua a\u00e7\u00e3o das lideran\u00e7as pol\u00edticas regionais e a sensibilidade dos gestores da UFSM e, assim, obteve-se o propagado e respeitado ensino p\u00fablico, gratuito e de qualidade.<\/p>\n<p>Os objetivos na instala\u00e7\u00e3o deste <em>campus<\/em> estavam claros: <strong>promover a forma\u00e7\u00e3o de n\u00edvel superior<\/strong> e <strong>contribuir para o desenvolvimento regional<\/strong>. Inicialmente, t\u00ednhamos quatro cursos: Administra\u00e7\u00e3o (Noturno e Diurno), Enfermagem e Zootecnia. Posteriormente, pelo REUNI (Programa de Apoio a Planos de Reestrutura\u00e7\u00e3o e Expans\u00e3o das Universidades Federais ), agregaram-se aos existentes os cursos de Ci\u00eancias Econ\u00f4micas, Ci\u00eancias Biol\u00f3gicas e Nutri\u00e7\u00e3o. Na modalidade EAD (Ensino a Dist\u00e2ncia), j\u00e1 foram ofertados diversos cursos: Letras, Espanhol, Literatura, Licenciatura em Geografia, Letras &#8211; portugu\u00eas e literaturas e Pedagogia, Licenciatura em Ensino Ind\u00edgena &#8211; Etnia <em>Kaigang<\/em>, Licenciatura em Ci\u00eancia da Computa\u00e7\u00e3o e Especializa\u00e7\u00e3o em Gest\u00e3o P\u00fablica Municipal.\u00a0 Com coordena\u00e7\u00f5es sediadas neste <em>campus<\/em>, tamb\u00e9m foram ofertadas tr\u00eas turmas de Bacharelado em Administra\u00e7\u00e3o P\u00fablica em diversos polos do Estado do Rio Grande do Sul. Tamb\u00e9m se iniciou um movimento em prol da implanta\u00e7\u00e3o de cursos de p\u00f3s-gradua\u00e7\u00e3o <em>lato<\/em> e <em>strictu sensu<\/em>.<\/p>\n<p>Na especializa\u00e7\u00e3o, desenvolveu-se cursos de Educa\u00e7\u00e3o Ambiental, Ensino de Filosofia, Matem\u00e1tica e Sociologia no Ensino M\u00e9dio, Educa\u00e7\u00e3o Infantil, Gest\u00e3o de Organiza\u00e7\u00e3o P\u00fablica em Sa\u00fade e Gest\u00e3o P\u00fablica Municipal. Assim, como Mestrado em Agroneg\u00f3cios, Sa\u00fade e Ruralidade e, em parceria com Centro de Ci\u00eancias Sociais e Humanas UFSM-sede, o curso de Mestrado em Gest\u00e3o de Organiza\u00e7\u00f5es P\u00fablicas. Em andamento, mais uma proposta de mestrado profissional em Gest\u00e3o dos Servi\u00e7os de Sa\u00fade, o que tem por objetivo o aperfei\u00e7oamento e a forma\u00e7\u00e3o de novos gestores, assim, como em fase de implanta\u00e7\u00e3o, uma Resid\u00eancia Multidisciplinar em Sa\u00fade e de uma Cl\u00ednica Escola em parceria com o munic\u00edpio.<\/p>\n<p>Ainda, o trabalho na academia transcende ao ensino, j\u00e1 que aqui se desenvolvem projetos de pesquisa e extens\u00e3o que mobilizam e constroem-se conhecimentos difundidos para melhorar a qualidade de vida e a situa\u00e7\u00e3o social econ\u00f4mica e educativa das pessoas e popula\u00e7\u00f5es. Nossos ex-alunos est\u00e3o inseridos em diversos segmentos, grandes empresas, universidades gerando conhecimentos e contribuindo para uma sociedade mais justa e igualit\u00e1ria, fato que nos instiga e desafia sempre a fazer mais e melhor.<\/p>\n<p>No que concerne ao desenvolvimento regional, o <em>campus<\/em> da UFSM-PM trouxe in\u00fameras contribui\u00e7\u00f5es, entre estas: mais de uma centena de servidores que contribuem para a gera\u00e7\u00e3o de emprego e renda no munic\u00edpio, al\u00e9m de fortalecerem o com\u00e9rcio local e regional; o trabalho em conjunto com a associa\u00e7\u00e3o dos munic\u00edpios e Conselho Regional de Desenvolvimento, entidades p\u00fablicas e privadas que permitir\u00e1 a integra\u00e7\u00e3o entre a academia e os servi\u00e7os, ou seja, a teoria subsidiando a pr\u00e1tica e a pr\u00e1tica dando sustenta\u00e7\u00e3o\/revis\u00e3o e reconstru\u00e7\u00e3o do te\u00f3rico. Essas atividades fortalecem reciprocamente todos os sujeitos e entidades envolvidos(as).<\/p>\n<p>Certamente, um dos projetos mais importantes em que participamos, de forma efetiva e desafiadora, se refere a implanta\u00e7\u00e3o do <strong>Hospital P\u00fablico Regional (HPR)<\/strong>, que constituir\u00e1 um marco que assegurar\u00e1 uma condi\u00e7\u00e3o de sa\u00fade mais digna, complexa e efetiva \u00e0s popula\u00e7\u00f5es de mais de 100 munic\u00edpios. Para a universidade, este hospital permitir\u00e1 a abertura de mais cursos na \u00e1rea da sa\u00fade. Tamb\u00e9m, a implanta\u00e7\u00e3o deste hospital ir\u00e1 requerer a reconfigura\u00e7\u00e3o de todos os servi\u00e7os de sa\u00fade desta vasta regi\u00e3o. Esta regi\u00e3o passar\u00e1 a ser predecessora na oferta de servi\u00e7os de sa\u00fade de m\u00e9dia e alta complexidade.<\/p>\n<p>Hodiernamente, com a pandemia, um grupo de professores, t\u00e9cnicos em laborat\u00f3rio e bolsistas da UFSM-PM, em conson\u00e2ncia com entidades regionais, instalaram e passaram a fazer testes para detec\u00e7\u00e3o de contamina\u00e7\u00e3o de pessoas assoladas pelo novo coranav\u00edrus. Esses servidores fizeram\/fazem um trabalho que requer t\u00e9cnica, conhecimento e, sobretudo, compromisso social. S\u00e3o dezenas de exames di\u00e1rios, que permitem o diagn\u00f3stico e a implementa\u00e7\u00e3o de medidas que minimizam o cont\u00e1gio e permitem interven\u00e7\u00e3o cl\u00ednica mais efetiva. Os n\u00fameros de testes realizados asseguraram a preven\u00e7\u00e3o e a promo\u00e7\u00e3o de medidas que asseguraram a preserva\u00e7\u00e3o de milhares de vidas. Tecnicamente, esse trabalho solidificou ainda mais a import\u00e2ncia da UFSM-PM nesta regi\u00e3o. Para al\u00e9m dos n\u00fameros, este trabalho, foi\/vai al\u00e9m dos n\u00fameros, j\u00e1 que ele \u00e9 nomeadamente humano.<\/p>\n<p>Por fim, para aqueles que acreditam em vida eterna, Jos\u00e9 Mariano da Rocha Filho, fundador na Universidade Federal de Santa Maria, deve estar nos olhando e feliz com o trabalho que aqui vem sendo realizado: simples, humilde, verdadeiro e, sobretudo, respeitoso com todas as pessoas que por aqui trabalham e estudam e de forma estendida a todas as pessoas desta cidade e regi\u00e3o que t\u00e3o bem nos acolheu. A Universidade \u00e9 feita de pessoas e, constantemente, cresce, se modifica, em prol do desenvolvimento, gerando transforma\u00e7\u00f5es regionais e temporais que est\u00e3o intimamente conectados com a instala\u00e7\u00e3o desta Universidade. Esperamos, desta forma, estar contribuindo cada vez mais no desenvolvimento pessoal, social e profissional de todos os segmentos que forem atinentes aos nossos compromissos. Temos trabalhado para que este <em>campus<\/em> seja um local de trabalho, estudo e, tamb\u00e9m, de ser feliz. Obrigado Palmeira das Miss\u00f5es e regi\u00e3o por nos acolherem, aqui, estamos e estaremos, cientes e imbu\u00eddos de nossas responsabilidades.<\/p>\n<p>Universidade Federal de Santa Maria \u2013 <em>campus<\/em> Palmeira das Miss\u00f5es, <strong>h\u00e1 15 anos construindo conhecimento, agregando saberes e transformando vidas<\/strong>.<\/p>\n<p>\u00a0<\/p>\n\n\n<p><\/p>\n\n\n\n<p><\/p>\n\n\n<hr>\n<p><span style=\"color: #000080\"><strong><span style=\"background-color: #ffffff\">Equipe Organizadora das Comemora\u00e7\u00f5es dos 15 anos da UFSM-PM:<\/span><\/strong><\/span><\/p>\n<p>Adriana Martins da Silva &#8211; Secretaria dos Cursos<\/p>\n<p>Profa. Adriane Cervi Bl\u00fcmke &#8211; Coordenadora do curso de Nutri\u00e7\u00e3o<\/p>\n<p>Prof. Adriano Lago &#8211; Docente do Departamento de Administra\u00e7\u00e3o e do PPGAGR<\/p>\n<p>Charlene de Oliveira Trindade &#8211; Secretaria Executiva<\/p>\n<p>Prof. Daniel Graichen &#8211; Vice-diretor&nbsp;<\/p>\n<p>Gabriela de Oliveira Vieira &#8211; Biblioteca Setorial<\/p>\n<p>Isabel Malheiros &#8211; Assessoria de Comunica\u00e7\u00e3o<\/p>\n<p>J\u00f1ana Gadea de Mello &#8211; Infraestrutura e Patrim\u00f4nio<\/p>\n<p>Prof. Luiz Anildo Anacleto da Silva &#8211; Diretor<\/p>\n<p>Prof. Nelson Guilherme Machado Pinto &#8211; Docente do Departamento de Administra\u00e7\u00e3o<\/p>\n<p>Rafael Lazzari &#8211; Docente do departamento de Zootecnia e Ci\u00eancias Biol\u00f3gicas e do PPGAGR<\/p>\n<p>Renan Moi &#8211; Estudante do curso de Enfermagem<\/p>\n<p>Su\u00e9len Ghedini Martinelli &#8211; Gabinete de Projetos&nbsp;<\/p>\n<hr>\n<p><span style=\"background-color: #ffffff;color: #000080\"><strong>Selo Comemorativo:<\/strong><\/span><\/p>\n\n\n<figure class=\"wp-block-gallery columns-3 is-cropped wp-block-gallery-1 is-layout-flex wp-block-gallery-is-layout-flex\"><ul class=\"blocks-gallery-grid\"><li class=\"blocks-gallery-item\"><figure><img loading=\"lazy\" decoding=\"async\" width=\"1024\" height=\"889\" src=\"https:\/\/www.ufsm.br\/app\/uploads\/sites\/378\/2021\/08\/SELO-UFSM-PM-BRANCA-COM-FUNDO-PRETO-ok-1024x889.jpg\" alt=\"\" data-id=\"5861\" data-full-url=\"https:\/\/www.ufsm.br\/app\/uploads\/sites\/378\/2021\/08\/SELO-UFSM-PM-BRANCA-COM-FUNDO-PRETO-ok.jpg\" data-link=\"https:\/\/www.ufsm.br\/unidades-universitarias\/palmeira-das-missoes\/15-anos-ufsm-pm\/selo-ufsm-pm-branca-com-fundo-preto-ok\/\" class=\"wp-image-5861\" srcset=\"https:\/\/www.ufsm.br\/app\/uploads\/sites\/378\/2021\/08\/SELO-UFSM-PM-BRANCA-COM-FUNDO-PRETO-ok-1024x889.jpg 1024w, https:\/\/www.ufsm.br\/app\/uploads\/sites\/378\/2021\/08\/SELO-UFSM-PM-BRANCA-COM-FUNDO-PRETO-ok-300x260.jpg 300w, https:\/\/www.ufsm.br\/app\/uploads\/sites\/378\/2021\/08\/SELO-UFSM-PM-BRANCA-COM-FUNDO-PRETO-ok-768x667.jpg 768w, https:\/\/www.ufsm.br\/app\/uploads\/sites\/378\/2021\/08\/SELO-UFSM-PM-BRANCA-COM-FUNDO-PRETO-ok-1536x1334.jpg 1536w, https:\/\/www.ufsm.br\/app\/uploads\/sites\/378\/2021\/08\/SELO-UFSM-PM-BRANCA-COM-FUNDO-PRETO-ok.jpg 1920w\" sizes=\"(max-width: 1024px) 100vw, 1024px\" \/><\/figure><\/li><li class=\"blocks-gallery-item\"><figure><img loading=\"lazy\" decoding=\"async\" width=\"1024\" height=\"728\" src=\"https:\/\/www.ufsm.br\/app\/uploads\/sites\/378\/2021\/08\/SELO-UFSM-PM-PRETA-COM-FUNDO-BRANCO-1-1024x728.png\" alt=\"\" data-id=\"5862\" data-full-url=\"https:\/\/www.ufsm.br\/app\/uploads\/sites\/378\/2021\/08\/SELO-UFSM-PM-PRETA-COM-FUNDO-BRANCO-1.png\" data-link=\"https:\/\/www.ufsm.br\/unidades-universitarias\/palmeira-das-missoes\/15-anos-ufsm-pm\/selo-ufsm-pm-preta-com-fundo-branco\/\" class=\"wp-image-5862\" srcset=\"https:\/\/www.ufsm.br\/app\/uploads\/sites\/378\/2021\/08\/SELO-UFSM-PM-PRETA-COM-FUNDO-BRANCO-1-1024x728.png 1024w, https:\/\/www.ufsm.br\/app\/uploads\/sites\/378\/2021\/08\/SELO-UFSM-PM-PRETA-COM-FUNDO-BRANCO-1-300x213.png 300w, https:\/\/www.ufsm.br\/app\/uploads\/sites\/378\/2021\/08\/SELO-UFSM-PM-PRETA-COM-FUNDO-BRANCO-1-768x546.png 768w, https:\/\/www.ufsm.br\/app\/uploads\/sites\/378\/2021\/08\/SELO-UFSM-PM-PRETA-COM-FUNDO-BRANCO-1-1536x1092.png 1536w, https:\/\/www.ufsm.br\/app\/uploads\/sites\/378\/2021\/08\/SELO-UFSM-PM-PRETA-COM-FUNDO-BRANCO-1.png 1920w\" sizes=\"(max-width: 1024px) 100vw, 1024px\" \/><\/figure><\/li><li class=\"blocks-gallery-item\"><figure><img loading=\"lazy\" decoding=\"async\" width=\"1024\" height=\"933\" src=\"https:\/\/www.ufsm.br\/app\/uploads\/sites\/378\/2021\/08\/SELO-UFSM-PM-1-1024x933.jpg\" alt=\"\" data-id=\"5863\" data-full-url=\"https:\/\/www.ufsm.br\/app\/uploads\/sites\/378\/2021\/08\/SELO-UFSM-PM-1.jpg\" data-link=\"https:\/\/www.ufsm.br\/unidades-universitarias\/palmeira-das-missoes\/15-anos-ufsm-pm\/selo-ufsm-pm\/\" class=\"wp-image-5863\" srcset=\"https:\/\/www.ufsm.br\/app\/uploads\/sites\/378\/2021\/08\/SELO-UFSM-PM-1-1024x933.jpg 1024w, https:\/\/www.ufsm.br\/app\/uploads\/sites\/378\/2021\/08\/SELO-UFSM-PM-1-300x273.jpg 300w, https:\/\/www.ufsm.br\/app\/uploads\/sites\/378\/2021\/08\/SELO-UFSM-PM-1-768x700.jpg 768w, https:\/\/www.ufsm.br\/app\/uploads\/sites\/378\/2021\/08\/SELO-UFSM-PM-1-1536x1400.jpg 1536w, https:\/\/www.ufsm.br\/app\/uploads\/sites\/378\/2021\/08\/SELO-UFSM-PM-1.jpg 1920w\" sizes=\"(max-width: 1024px) 100vw, 1024px\" \/><\/figure><\/li><\/ul><\/figure>\n\n\n","protected":false},"excerpt":{"rendered":"<p>&nbsp; No ano de 2021, a Universidade Federal de Santa Maria, campus Palmeira das Miss\u00f5es, comemora 15 anos desde a sua funda\u00e7\u00e3o no munic\u00edpio. S\u00e3o 15 anos de um ciclo com a cidade de Palmeira das Miss\u00f5es e regi\u00e3o: uma alian\u00e7a que constr\u00f3i projetos de ensino, pesquisa e extens\u00e3o, proporcionando o reconhecimento \u00e0 regi\u00e3o Noroeste [&hellip;]<\/p>\n","protected":false},"author":307,"featured_media":6132,"parent":0,"menu_order":0,"comment_status":"closed","ping_status":"closed","template":"","meta":{"footnotes":""},"categories":[12],"tags":[],"class_list":["post-5793","page","type-page","status-publish","has-post-thumbnail","hentry","category-banner"],"acf":[],"_links":{"self":[{"href":"https:\/\/www.ufsm.br\/unidades-universitarias\/palmeira-das-missoes\/wp-json\/wp\/v2\/pages\/5793","targetHints":{"allow":["GET"]}}],"collection":[{"href":"https:\/\/www.ufsm.br\/unidades-universitarias\/palmeira-das-missoes\/wp-json\/wp\/v2\/pages"}],"about":[{"href":"https:\/\/www.ufsm.br\/unidades-universitarias\/palmeira-das-missoes\/wp-json\/wp\/v2\/types\/page"}],"author":[{"embeddable":true,"href":"https:\/\/www.ufsm.br\/unidades-universitarias\/palmeira-das-missoes\/wp-json\/wp\/v2\/users\/307"}],"replies":[{"embeddable":true,"href":"https:\/\/www.ufsm.br\/unidades-universitarias\/palmeira-das-missoes\/wp-json\/wp\/v2\/comments?post=5793"}],"version-history":[{"count":0,"href":"https:\/\/www.ufsm.br\/unidades-universitarias\/palmeira-das-missoes\/wp-json\/wp\/v2\/pages\/5793\/revisions"}],"wp:featuredmedia":[{"embeddable":true,"href":"https:\/\/www.ufsm.br\/unidades-universitarias\/palmeira-das-missoes\/wp-json\/wp\/v2\/media\/6132"}],"wp:attachment":[{"href":"https:\/\/www.ufsm.br\/unidades-universitarias\/palmeira-das-missoes\/wp-json\/wp\/v2\/media?parent=5793"}],"wp:term":[{"taxonomy":"category","embeddable":true,"href":"https:\/\/www.ufsm.br\/unidades-universitarias\/palmeira-das-missoes\/wp-json\/wp\/v2\/categories?post=5793"},{"taxonomy":"post_tag","embeddable":true,"href":"https:\/\/www.ufsm.br\/unidades-universitarias\/palmeira-das-missoes\/wp-json\/wp\/v2\/tags?post=5793"}],"curies":[{"name":"wp","href":"https:\/\/api.w.org\/{rel}","templated":true}]}}