{"id":77,"date":"2018-10-01T13:17:21","date_gmt":"2018-10-01T16:17:21","guid":{"rendered":"https:\/\/www.ufsm.br\/unidades-universitarias\/palmeira-das-missoes\/?page_id=77"},"modified":"2018-11-14T17:05:14","modified_gmt":"2018-11-14T19:05:14","slug":"portal-do-egresso","status":"publish","type":"page","link":"https:\/\/www.ufsm.br\/unidades-universitarias\/palmeira-das-missoes\/portal-do-egresso","title":{"rendered":"Portal do Egresso"},"content":{"rendered":"<p><strong>Seja Bem-vindos ao\u00a0 Portal do Egresso da UFSM\/PM !<\/strong><\/p>\n<p>A proposta principal em criar este meio de comunica\u00e7\u00e3o \u00e9 manter contato com nossos ex-alunos de modo continuado e permanente, com o intuito de levantar quantitativamente e qualitativamente pontos essenciais para um acompanhamento entre Universidade-Egresso que permita por meio de opini\u00f5es, sugest\u00f5es e relatos, a pr\u00e1tica do melhoramento institucional cont\u00ednuo, seja sob o ponto de vista de crescimento pessoal, quanto profissional.<\/p>\n<p>Baseado no compromisso universit\u00e1rio fundamental da forma\u00e7\u00e3o e educa\u00e7\u00e3o com qualidade, a Institui\u00e7\u00e3o preza pelo reconhecimento social que gera e se faz por meio da qualidade de ensino, desde a aprova\u00e7\u00e3o do estudante, at\u00e9 o momento em que ele se forma, e da continuidade ao seu desenvolvimento e amadurecimento do lado de fora do campus.<\/p>\n<p>O acompanhamento por meio de dados estat\u00edsticos, em rela\u00e7\u00e3o a quantos alunos t\u00eam se formado nos cursos de gradua\u00e7\u00e3o tamb\u00e9m \u00e9 importante para a realiza\u00e7\u00e3o de pesquisas institucionais.<\/p>\n<p>Desta forma, o campus de Palmeira das Miss\u00f5es se manifesta continuamente a manter e ficar \u00e0 disposi\u00e7\u00e3o de nossos egressos, saudosamente, e valorizando suas avalia\u00e7\u00f5es ao longo do tempo.<\/p>\n<p><strong>Contato:<img fetchpriority=\"high\" decoding=\"async\" class=\"size-medium wp-image-78 alignright\" src=\"https:\/\/www.ufsm.br\/unidades-universitarias\/palmeira-das-missoes\/wp-content\/uploads\/sites\/378\/2018\/10\/perfil-alunos-300x191.png\" alt=\"\" width=\"300\" height=\"191\" srcset=\"https:\/\/www.ufsm.br\/app\/uploads\/sites\/378\/2018\/10\/perfil-alunos-300x191.png 300w, https:\/\/www.ufsm.br\/app\/uploads\/sites\/378\/2018\/10\/perfil-alunos.png 500w\" sizes=\"(max-width: 300px) 100vw, 300px\" \/><\/strong><\/p>\n<p>telefone: (55) 3742-8813<\/p>\n<p>Email:\u00a0<span id=\"cloak04cef37e7518887a4482643eafe8dfb2\"><a href=\"mailto:assessoriapm@ufsm.br\">assessoriapm@ufsm.br<\/a><\/span><\/p>\n<p>&nbsp;<\/p>\n","protected":false},"excerpt":{"rendered":"<p>Seja Bem-vindos ao\u00a0 Portal do Egresso da UFSM\/PM ! A proposta principal em criar este meio de comunica\u00e7\u00e3o \u00e9 manter contato com nossos ex-alunos de modo continuado e permanente, com o intuito de levantar quantitativamente e qualitativamente pontos essenciais para um acompanhamento entre Universidade-Egresso que permita por meio de opini\u00f5es, sugest\u00f5es e relatos, a pr\u00e1tica [&hellip;]<\/p>\n","protected":false},"author":117,"featured_media":0,"parent":0,"menu_order":0,"comment_status":"closed","ping_status":"closed","template":"","meta":{"footnotes":""},"categories":[],"tags":[],"class_list":["post-77","page","type-page","status-publish","hentry"],"acf":[],"_links":{"self":[{"href":"https:\/\/www.ufsm.br\/unidades-universitarias\/palmeira-das-missoes\/wp-json\/wp\/v2\/pages\/77","targetHints":{"allow":["GET"]}}],"collection":[{"href":"https:\/\/www.ufsm.br\/unidades-universitarias\/palmeira-das-missoes\/wp-json\/wp\/v2\/pages"}],"about":[{"href":"https:\/\/www.ufsm.br\/unidades-universitarias\/palmeira-das-missoes\/wp-json\/wp\/v2\/types\/page"}],"author":[{"embeddable":true,"href":"https:\/\/www.ufsm.br\/unidades-universitarias\/palmeira-das-missoes\/wp-json\/wp\/v2\/users\/117"}],"replies":[{"embeddable":true,"href":"https:\/\/www.ufsm.br\/unidades-universitarias\/palmeira-das-missoes\/wp-json\/wp\/v2\/comments?post=77"}],"version-history":[{"count":0,"href":"https:\/\/www.ufsm.br\/unidades-universitarias\/palmeira-das-missoes\/wp-json\/wp\/v2\/pages\/77\/revisions"}],"wp:attachment":[{"href":"https:\/\/www.ufsm.br\/unidades-universitarias\/palmeira-das-missoes\/wp-json\/wp\/v2\/media?parent=77"}],"wp:term":[{"taxonomy":"category","embeddable":true,"href":"https:\/\/www.ufsm.br\/unidades-universitarias\/palmeira-das-missoes\/wp-json\/wp\/v2\/categories?post=77"},{"taxonomy":"post_tag","embeddable":true,"href":"https:\/\/www.ufsm.br\/unidades-universitarias\/palmeira-das-missoes\/wp-json\/wp\/v2\/tags?post=77"}],"curies":[{"name":"wp","href":"https:\/\/api.w.org\/{rel}","templated":true}]}}