{"id":9,"date":"2018-06-29T08:54:06","date_gmt":"2018-06-29T11:54:06","guid":{"rendered":"https:\/\/www.ufsm.br\/unidades-universitarias\/palmeira-das-missoes\/?page_id=9"},"modified":"2025-05-07T15:20:31","modified_gmt":"2025-05-07T18:20:31","slug":"institucional","status":"publish","type":"page","link":"https:\/\/www.ufsm.br\/unidades-universitarias\/palmeira-das-missoes\/institucional","title":{"rendered":"Institucional"},"content":{"rendered":"\t\t<div data-elementor-type=\"wp-post\" data-elementor-id=\"9\" class=\"elementor elementor-9\">\n\t\t\t\t\t\t<section class=\"elementor-section elementor-top-section elementor-element elementor-element-24803d3d elementor-section-boxed elementor-section-height-default elementor-section-height-default\" data-id=\"24803d3d\" data-element_type=\"section\">\n\t\t\t\t\t\t<div class=\"elementor-container elementor-column-gap-default\">\n\t\t\t\t\t<div class=\"elementor-column elementor-col-100 elementor-top-column elementor-element elementor-element-44bcf1d6\" data-id=\"44bcf1d6\" data-element_type=\"column\">\n\t\t\t<div class=\"elementor-widget-wrap elementor-element-populated\">\n\t\t\t\t\t\t<div class=\"elementor-element elementor-element-2c5e8e33 elementor-widget elementor-widget-text-editor\" data-id=\"2c5e8e33\" data-element_type=\"widget\" data-widget_type=\"text-editor.default\">\n\t\t\t\t<div class=\"elementor-widget-container\">\n\t\t\t\t\t\t\t<p>O \u00a0Campus Palmeira das Miss\u00f5es \u00e9 uma das Unidades Universit\u00e1rias da Universidade Federal de Santa Maria (UFSM). O pontap\u00e9 inicial para a implanta\u00e7\u00e3o de um campus da UFSM em Palmeira das Miss\u00f5es foi o parecer 031\/05, assinado\u00a0em 20 de julho de 2005. O\u00a0objetivo principal da implanta\u00e7\u00e3o foi promover a interioriza\u00e7\u00e3o do Ensino Superior gratuito e de qualidade e, assim, impulsionar o desenvolvimento da Regi\u00e3o Norte do Estado.<\/p><p>As atividades letivas do campus iniciaram no segundo semestre de 2006, com os Cursos de Administra\u00e7\u00e3o (diurno e noturno), Enfermagem e Zootecnia. Em 2010 houve o primeiro ingresso de alunos dos Cursos de\u00a0Ci\u00eancias Biol\u00f3gicas &#8211; licenciatura plena, Ci\u00eancias Econ\u00f4micas e Nutri\u00e7\u00e3o.<\/p>\t\t\t\t\t\t<\/div>\n\t\t\t\t<\/div>\n\t\t\t\t\t<\/div>\n\t\t<\/div>\n\t\t\t\t\t<\/div>\n\t\t<\/section>\n\t\t\t\t<section class=\"elementor-section elementor-top-section elementor-element elementor-element-48b86b7 elementor-section-boxed elementor-section-height-default elementor-section-height-default\" data-id=\"48b86b7\" data-element_type=\"section\">\n\t\t\t\t\t\t<div class=\"elementor-container elementor-column-gap-default\">\n\t\t\t\t\t<div class=\"elementor-column elementor-col-33 elementor-top-column elementor-element elementor-element-56b1b05\" data-id=\"56b1b05\" data-element_type=\"column\">\n\t\t\t<div class=\"elementor-widget-wrap elementor-element-populated\">\n\t\t\t\t\t\t<div class=\"elementor-element elementor-element-381782a elementor-widget elementor-widget-text-editor\" data-id=\"381782a\" data-element_type=\"widget\" data-widget_type=\"text-editor.default\">\n\t\t\t\t<div class=\"elementor-widget-container\">\n\t\t\t\t\t\t\t<p style=\"text-align: center\"><strong><span style=\"color: #000000\">Miss\u00e3o<\/span><\/strong><\/p><p style=\"text-align: center\"><span style=\"color: #000000\">&#8220;Construir, produzir e promover conhecimento por meio de a\u00e7\u00f5es de ensino, pesquisa e extens\u00e3o voltadas para o desenvolvimento regional.&#8221;<\/span><\/p>\t\t\t\t\t\t<\/div>\n\t\t\t\t<\/div>\n\t\t\t\t\t<\/div>\n\t\t<\/div>\n\t\t\t\t<div class=\"elementor-column elementor-col-33 elementor-top-column elementor-element elementor-element-d78cb04\" data-id=\"d78cb04\" data-element_type=\"column\">\n\t\t\t<div class=\"elementor-widget-wrap elementor-element-populated\">\n\t\t\t\t\t\t<div class=\"elementor-element elementor-element-2609f35 elementor-widget elementor-widget-text-editor\" data-id=\"2609f35\" data-element_type=\"widget\" data-widget_type=\"text-editor.default\">\n\t\t\t\t<div class=\"elementor-widget-container\">\n\t\t\t\t\t\t\t<p style=\"text-align: center\"><strong>Valores<\/strong><\/p><p style=\"text-align: center\"><span style=\"color: #000000\">Respeito\u00a0a diversidade;<\/span><\/p><p style=\"text-align: center\"><span style=\"color: #000000\">\u00c9tica e transpar\u00eancia\u00a0nas a\u00e7\u00f5es;<\/span><\/p><p style=\"text-align: center\"><span style=\"color: #000000\">Coopera\u00e7\u00e3o\u00a0interpessoal;<\/span><\/p><p style=\"text-align: center\"><span style=\"color: #000000\">Compet\u00eancia;<\/span><\/p><p style=\"text-align: center\"><span style=\"color: #000000\">Comprometimento\u00a0institucional;<\/span><\/p><p style=\"text-align: center\"><span style=\"color: #000000\">Responsabilidade social e ambiental.<\/span><\/p>\t\t\t\t\t\t<\/div>\n\t\t\t\t<\/div>\n\t\t\t\t\t<\/div>\n\t\t<\/div>\n\t\t\t\t<div class=\"elementor-column elementor-col-33 elementor-top-column elementor-element elementor-element-4c9bcc9\" data-id=\"4c9bcc9\" data-element_type=\"column\">\n\t\t\t<div class=\"elementor-widget-wrap elementor-element-populated\">\n\t\t\t\t\t\t<div class=\"elementor-element elementor-element-294df4b elementor-widget elementor-widget-text-editor\" data-id=\"294df4b\" data-element_type=\"widget\" data-widget_type=\"text-editor.default\">\n\t\t\t\t<div class=\"elementor-widget-container\">\n\t\t\t\t\t\t\t<p style=\"text-align: center\"><strong><span style=\"color: #000000\">Vis\u00e3o<\/span><\/strong><\/p><p style=\"text-align: center\"><span style=\"color: #000000\">&#8220;Como Unidade Universit\u00e1ria da UFSM, ser reconhecida como centro de excel\u00eancia \u00a0em ensino, pesquisa e extens\u00e3o, formando profissionais cr\u00edticos e comprometidos com o desenvolvimento sustent\u00e1vel da sociedade.&#8221;<\/span><\/p>\t\t\t\t\t\t<\/div>\n\t\t\t\t<\/div>\n\t\t\t\t\t<\/div>\n\t\t<\/div>\n\t\t\t\t\t<\/div>\n\t\t<\/section>\n\t\t\t\t<section class=\"elementor-section elementor-top-section elementor-element elementor-element-1c08a86 elementor-section-boxed elementor-section-height-default elementor-section-height-default\" data-id=\"1c08a86\" data-element_type=\"section\">\n\t\t\t\t\t\t<div class=\"elementor-container elementor-column-gap-default\">\n\t\t\t\t\t<div class=\"elementor-column elementor-col-100 elementor-top-column elementor-element elementor-element-afe25c6\" data-id=\"afe25c6\" data-element_type=\"column\">\n\t\t\t<div class=\"elementor-widget-wrap elementor-element-populated\">\n\t\t\t\t\t\t<div class=\"elementor-element elementor-element-cfc80f8 elementor-widget elementor-widget-text-editor\" data-id=\"cfc80f8\" data-element_type=\"widget\" data-widget_type=\"text-editor.default\">\n\t\t\t\t<div class=\"elementor-widget-container\">\n\t\t\t\t\t\t\t<h2><strong>Acesse nosso perfil no instagram:<\/strong><\/h2>\t\t\t\t\t\t<\/div>\n\t\t\t\t<\/div>\n\t\t\t\t\t<\/div>\n\t\t<\/div>\n\t\t\t\t\t<\/div>\n\t\t<\/section>\n\t\t\t\t<section class=\"elementor-section elementor-top-section elementor-element elementor-element-c1f1df4 elementor-section-boxed elementor-section-height-default elementor-section-height-default\" data-id=\"c1f1df4\" data-element_type=\"section\">\n\t\t\t\t\t\t<div class=\"elementor-container elementor-column-gap-default\">\n\t\t\t\t\t<div class=\"elementor-column elementor-col-100 elementor-top-column elementor-element elementor-element-b9f4766\" data-id=\"b9f4766\" data-element_type=\"column\">\n\t\t\t<div class=\"elementor-widget-wrap elementor-element-populated\">\n\t\t\t\t\t\t<div class=\"elementor-element elementor-element-1143552 elementor-widget__width-initial elementor-widget elementor-widget-image\" data-id=\"1143552\" data-element_type=\"widget\" data-widget_type=\"image.default\">\n\t\t\t\t<div class=\"elementor-widget-container\">\n\t\t\t\t\t\t\t\t\t\t\t\t\t<img decoding=\"async\" src=\"https:\/\/www.ufsm.br\/app\/uploads\/sites\/378\/2025\/05\/Design-sem-nome.jpg\" title=\"Design sem nome\" alt=\"Design sem nome\" loading=\"lazy\" \/>\t\t\t\t\t\t\t\t\t\t\t\t\t<\/div>\n\t\t\t\t<\/div>\n\t\t\t\t\t<\/div>\n\t\t<\/div>\n\t\t\t\t\t<\/div>\n\t\t<\/section>\n\t\t\t\t<\/div>\n\t\t","protected":false},"excerpt":{"rendered":"<p>O \u00a0Campus Palmeira das Miss\u00f5es \u00e9 uma das Unidades Universit\u00e1rias da Universidade Federal de Santa Maria (UFSM). O pontap\u00e9 inicial para a implanta\u00e7\u00e3o de um campus da UFSM em Palmeira das Miss\u00f5es foi o parecer 031\/05, assinado\u00a0em 20 de julho de 2005. O\u00a0objetivo principal da implanta\u00e7\u00e3o foi promover a interioriza\u00e7\u00e3o do Ensino Superior gratuito e [&hellip;]<\/p>\n","protected":false},"author":35,"featured_media":0,"parent":0,"menu_order":0,"comment_status":"closed","ping_status":"closed","template":"","meta":{"footnotes":""},"categories":[],"tags":[],"class_list":["post-9","page","type-page","status-publish","hentry"],"acf":[],"_links":{"self":[{"href":"https:\/\/www.ufsm.br\/unidades-universitarias\/palmeira-das-missoes\/wp-json\/wp\/v2\/pages\/9","targetHints":{"allow":["GET"]}}],"collection":[{"href":"https:\/\/www.ufsm.br\/unidades-universitarias\/palmeira-das-missoes\/wp-json\/wp\/v2\/pages"}],"about":[{"href":"https:\/\/www.ufsm.br\/unidades-universitarias\/palmeira-das-missoes\/wp-json\/wp\/v2\/types\/page"}],"author":[{"embeddable":true,"href":"https:\/\/www.ufsm.br\/unidades-universitarias\/palmeira-das-missoes\/wp-json\/wp\/v2\/users\/35"}],"replies":[{"embeddable":true,"href":"https:\/\/www.ufsm.br\/unidades-universitarias\/palmeira-das-missoes\/wp-json\/wp\/v2\/comments?post=9"}],"version-history":[{"count":0,"href":"https:\/\/www.ufsm.br\/unidades-universitarias\/palmeira-das-missoes\/wp-json\/wp\/v2\/pages\/9\/revisions"}],"wp:attachment":[{"href":"https:\/\/www.ufsm.br\/unidades-universitarias\/palmeira-das-missoes\/wp-json\/wp\/v2\/media?parent=9"}],"wp:term":[{"taxonomy":"category","embeddable":true,"href":"https:\/\/www.ufsm.br\/unidades-universitarias\/palmeira-das-missoes\/wp-json\/wp\/v2\/categories?post=9"},{"taxonomy":"post_tag","embeddable":true,"href":"https:\/\/www.ufsm.br\/unidades-universitarias\/palmeira-das-missoes\/wp-json\/wp\/v2\/tags?post=9"}],"curies":[{"name":"wp","href":"https:\/\/api.w.org\/{rel}","templated":true}]}}