{"id":16,"date":"2025-10-07T09:34:50","date_gmt":"2025-10-07T12:34:50","guid":{"rendered":"https:\/\/www.ufsm.br\/unidades-universitarias\/politecnico\/cespol\/?page_id=16"},"modified":"2025-10-07T09:34:52","modified_gmt":"2025-10-07T12:34:52","slug":"como-associar-se","status":"publish","type":"page","link":"https:\/\/www.ufsm.br\/unidades-universitarias\/politecnico\/cespol\/como-associar-se","title":{"rendered":"Como Associar-se"},"content":{"rendered":"\n<p>A Cespol oferece aos seus associados e clientes diversos produtos com logomarcas dos cursos t\u00e9cnicos, gradua\u00e7\u00f5es e mestrado para a comercializa\u00e7\u00e3o, como: chap\u00e9us, camisetas, canecas, adesivos, entre outros produtos. Os benef\u00edcios de ser associados inclui: auxilio em eventos\/viagens e produtos vendidos na sede da cooperativa.<\/p>\n\n\n\n<p>Documentos necess\u00e1rios para se tornar associado(a):<\/p>\n\n\n\n<ul class=\"wp-block-list\">\n<li>Ficha de matr\u00edcula preenchida e assinada*;<\/li>\n\n\n\n<li>Uma foto digital<\/li>\n\n\n\n<li>C\u00f3pia do RG e CPF (ou c\u00f3pia digital);<\/li>\n\n\n\n<li>C\u00f3pia do comprovante de resid\u00eancia (ou c\u00f3pia digital);<\/li>\n\n\n\n<li>Comprovante de matr\u00edcula (ou c\u00f3pia digital);<\/li>\n\n\n\n<li>Pagamento de R$ 21,00 referente \u00e0s cotas-parte (enviar comprovante de pagamento ao e-mail\/ WhatsApp da CESPOL em caso de pagamento efetuado por PIX).<\/li>\n\n\n\n<li>Ficha de matr\u00edcula pode ser preenchida em um editor de texto, enviada por e-mail com os demais documentos e assinada pessoalmente quando o interessado assinar o livro de associados na sede da CESPOL.<\/li>\n\n\n\n<li>Os documentos precisam ser apresentados na CESPOL para realiza\u00e7\u00e3o de cadastro ou enviados ao e-mail\u00a0<a href=\"mailto:cespol@ufsm.br\">cespol@ufsm.br<\/a> ou WhatsApp (55) 99167-2799<\/li>\n<\/ul>\n","protected":false},"excerpt":{"rendered":"<p>A Cespol oferece aos seus associados e clientes diversos produtos com logomarcas dos cursos t\u00e9cnicos, gradua\u00e7\u00f5es e mestrado para a comercializa\u00e7\u00e3o, como: chap\u00e9us, camisetas, canecas, adesivos, entre outros produtos. Os benef\u00edcios de ser associados inclui: auxilio em eventos\/viagens e produtos vendidos na sede da cooperativa. Documentos necess\u00e1rios para se tornar associado(a):<\/p>\n","protected":false},"author":9176,"featured_media":0,"parent":0,"menu_order":0,"comment_status":"closed","ping_status":"closed","template":"","meta":{"footnotes":""},"categories":[],"tags":[],"class_list":["post-16","page","type-page","status-publish","hentry"],"acf":[],"_links":{"self":[{"href":"https:\/\/www.ufsm.br\/unidades-universitarias\/politecnico\/cespol\/wp-json\/wp\/v2\/pages\/16","targetHints":{"allow":["GET"]}}],"collection":[{"href":"https:\/\/www.ufsm.br\/unidades-universitarias\/politecnico\/cespol\/wp-json\/wp\/v2\/pages"}],"about":[{"href":"https:\/\/www.ufsm.br\/unidades-universitarias\/politecnico\/cespol\/wp-json\/wp\/v2\/types\/page"}],"author":[{"embeddable":true,"href":"https:\/\/www.ufsm.br\/unidades-universitarias\/politecnico\/cespol\/wp-json\/wp\/v2\/users\/9176"}],"replies":[{"embeddable":true,"href":"https:\/\/www.ufsm.br\/unidades-universitarias\/politecnico\/cespol\/wp-json\/wp\/v2\/comments?post=16"}],"version-history":[{"count":0,"href":"https:\/\/www.ufsm.br\/unidades-universitarias\/politecnico\/cespol\/wp-json\/wp\/v2\/pages\/16\/revisions"}],"wp:attachment":[{"href":"https:\/\/www.ufsm.br\/unidades-universitarias\/politecnico\/cespol\/wp-json\/wp\/v2\/media?parent=16"}],"wp:term":[{"taxonomy":"category","embeddable":true,"href":"https:\/\/www.ufsm.br\/unidades-universitarias\/politecnico\/cespol\/wp-json\/wp\/v2\/categories?post=16"},{"taxonomy":"post_tag","embeddable":true,"href":"https:\/\/www.ufsm.br\/unidades-universitarias\/politecnico\/cespol\/wp-json\/wp\/v2\/tags?post=16"}],"curies":[{"name":"wp","href":"https:\/\/api.w.org\/{rel}","templated":true}]}}