{"id":4625,"date":"2021-07-29T10:58:41","date_gmt":"2021-07-29T13:58:41","guid":{"rendered":"https:\/\/www.ufsm.br\/unidades-universitarias\/politecnico\/?post_type=eventos&#038;p=4625"},"modified":"2021-08-09T17:00:51","modified_gmt":"2021-08-09T20:00:51","slug":"xvii-entead-encontro-dos-tecnicos-em-administracao-vii-entec-encontro-dos-tecnicos-em-contabilidade-e-iii-entesec-encontro-dos-tecnicos-em-secretariado","status":"publish","type":"eventos","link":"https:\/\/www.ufsm.br\/unidades-universitarias\/politecnico\/eventos\/xvii-entead-encontro-dos-tecnicos-em-administracao-vii-entec-encontro-dos-tecnicos-em-contabilidade-e-iii-entesec-encontro-dos-tecnicos-em-secretariado","parent":0,"template":"","tags":[],"class_list":["post-4625","eventos","type-eventos","status-publish","has-post-thumbnail","hentry"],"acf":{"evento_nome":"XVII EnTeAd - Encontro dos T\u00e9cnicos em Administra\u00e7\u00e3o, VII EnTeC - Encontro dos T\u00e9cnicos em Contabilidade e III EnTeSec - Encontro dos T\u00e9cnicos em Secretariado","evento_inicio":"10\/08\/2021 19:15","evento_termino":"11\/08\/2021 23:00","evento_banner":{"ID":4626,"id":4626,"title":"WhatsApp Image 2021-07-23 at 15.08.18","filename":"WhatsApp-Image-2021-07-23-at-15.08.18.jpeg","filesize":111051,"url":"https:\/\/www.ufsm.br\/app\/uploads\/sites\/405\/2021\/07\/WhatsApp-Image-2021-07-23-at-15.08.18.jpeg","link":"https:\/\/www.ufsm.br\/unidades-universitarias\/politecnico\/eventos\/xvii-entead-encontro-dos-tecnicos-em-administracao-vii-entec-encontro-dos-tecnicos-em-contabilidade-e-iii-entesec-encontro-dos-tecnicos-em-secretariado\/whatsapp-image-2021-07-23-at-15-08-18","alt":"Banner do Evento","author":"857","description":"","caption":"","name":"whatsapp-image-2021-07-23-at-15-08-18","status":"inherit","uploaded_to":4625,"date":"2021-07-29 13:38:54","modified":"2021-07-29 13:39:12","menu_order":0,"mime_type":"image\/jpeg","type":"image","subtype":"jpeg","icon":"https:\/\/www.ufsm.br\/unidades-universitarias\/politecnico\/wp-includes\/images\/media\/default.png","width":1280,"height":431,"sizes":{"thumbnail":"https:\/\/www.ufsm.br\/app\/uploads\/sites\/405\/2021\/07\/WhatsApp-Image-2021-07-23-at-15.08.18-150x150.jpeg","thumbnail-width":150,"thumbnail-height":150,"medium":"https:\/\/www.ufsm.br\/app\/uploads\/sites\/405\/2021\/07\/WhatsApp-Image-2021-07-23-at-15.08.18-300x101.jpeg","medium-width":300,"medium-height":101,"medium_large":"https:\/\/www.ufsm.br\/app\/uploads\/sites\/405\/2021\/07\/WhatsApp-Image-2021-07-23-at-15.08.18-768x259.jpeg","medium_large-width":768,"medium_large-height":259,"large":"https:\/\/www.ufsm.br\/app\/uploads\/sites\/405\/2021\/07\/WhatsApp-Image-2021-07-23-at-15.08.18-1024x345.jpeg","large-width":1024,"large-height":345,"1536x1536":"https:\/\/www.ufsm.br\/app\/uploads\/sites\/405\/2021\/07\/WhatsApp-Image-2021-07-23-at-15.08.18.jpeg","1536x1536-width":1280,"1536x1536-height":431,"2048x2048":"https:\/\/www.ufsm.br\/app\/uploads\/sites\/405\/2021\/07\/WhatsApp-Image-2021-07-23-at-15.08.18.jpeg","2048x2048-width":1280,"2048x2048-height":431,"sow-carousel-default":"https:\/\/www.ufsm.br\/app\/uploads\/sites\/405\/2021\/07\/WhatsApp-Image-2021-07-23-at-15.08.18-272x182.jpeg","sow-carousel-default-width":272,"sow-carousel-default-height":182}},"endereco_url":"xvii-entead-encontro-dos-tecnicos-em-administracao-vii-entec-encontro-dos-tecnicos-em-contabilidade-e-iii-entesec-encontro-dos-tecnicos-em-secretariado","evento_categoria":"T\u00c9CNICO-CIENT\u00cdFICOS","evento_descricao":"<p>Evento gratuito e online, transmitido atrav\u00e9s do Canal do YouTube do Col\u00e9gio Polit\u00e9cnico da UFSM (<a href=\"https:\/\/www.youtube.com\/cpufsm\">https:\/\/www.youtube.com\/cpufsm<\/a>) e com a carga hor\u00e1ria total de 8 horas.<\/p>\n","evento_programacao":"<p><strong>Dia: 10\/08\/2021 &#8211; Ter\u00e7a-feira<\/strong><\/p>\n<p>19h15 &#8211; Solenidade de abertura<\/p>\n<p>19h40 &#8211; Palestra &#8211; Sa\u00fade e trabalho na pandemia: percep\u00e7\u00e3o dos trabalhadores<\/p>\n<p style=\"padding-left: 80px\">Profa. Dra. Karine Vanessa Perez (UNISC)<\/p>\n<p>&nbsp;<\/p>\n<p><strong>Dia: 11\/08\/2021 &#8211; Quarta-feira<\/strong><\/p>\n<p>19h15 &#8211; Momento Cultural &#8211; Coral do Col\u00e9gio Polit\u00e9cnico da UFSM<\/p>\n<p>19h30min &#8211; Mesa-redonda &#8211; Oportunidades e desafios para a inser\u00e7\u00e3o de profissionais do ensino t\u00e9cnico e tecnol\u00f3gico no mundo do trabalho<\/p>\n<p style=\"padding-left: 80px\">Bruna Brandt (Efeito Mais)<\/p>\n<p style=\"padding-left: 80px\">Lidiane Bert\u00ea (Intelectus Gest\u00e3o Estrat\u00e9gica de Pessoas)<\/p>\n<p style=\"padding-left: 80px\">Mariana Vargas (Futura Gest\u00e3o de Pessoas)<\/p>\n","evento_inscricao":"<p>A participa\u00e7\u00e3o no evento n\u00e3o necessita de inscri\u00e7\u00e3o pr\u00e9via. Para ter acesso ao certificado, os participantes dever\u00e3o preencher o formul\u00e1rio que ser\u00e1 disponibilizado no chat do Youtube durante o evento. Qualquer d\u00favida, entre em contato pelo email: <a href=\"mailto:encontrotecnicosgestao@politecnico.ufsm.br\">encontrotecnicosgestao@politecnico.ufsm.br<\/a>.<\/p>\n","evento_local":"Canal YouTube do Col\u00e9gio Polit\u00e9cnico da UFSM - https:\/\/www.youtube.com\/cpufsm","evento_contato":"<p>Coordena\u00e7\u00e3o dos Cursos T\u00e9cnicos em Administra\u00e7\u00e3o, em Contabilidade e em Secretariado.<\/p>\n"},"_links":{"self":[{"href":"https:\/\/www.ufsm.br\/unidades-universitarias\/politecnico\/wp-json\/wp\/v2\/eventos\/4625","targetHints":{"allow":["GET"]}}],"collection":[{"href":"https:\/\/www.ufsm.br\/unidades-universitarias\/politecnico\/wp-json\/wp\/v2\/eventos"}],"about":[{"href":"https:\/\/www.ufsm.br\/unidades-universitarias\/politecnico\/wp-json\/wp\/v2\/types\/eventos"}],"wp:featuredmedia":[{"embeddable":true,"href":"https:\/\/www.ufsm.br\/unidades-universitarias\/politecnico\/wp-json\/wp\/v2\/media\/4626"}],"wp:attachment":[{"href":"https:\/\/www.ufsm.br\/unidades-universitarias\/politecnico\/wp-json\/wp\/v2\/media?parent=4625"}],"wp:term":[{"taxonomy":"post_tag","embeddable":true,"href":"https:\/\/www.ufsm.br\/unidades-universitarias\/politecnico\/wp-json\/wp\/v2\/tags?post=4625"}],"curies":[{"name":"wp","href":"https:\/\/api.w.org\/{rel}","templated":true}]}}

XVII EnTeAd - Encontro dos Técnicos em Administração, VII EnTeC - Encontro dos Técnicos em Contabilidade e III EnTeSec - Encontro dos Técnicos em Secretariado

TÉCNICO-CIENTÍFICOS

<p>Evento gratuito e online, transmitido através do Canal do YouTube do Colégio Politécnico da UFSM (<a href="https://www.youtube.com/cpufsm">https://www.youtube.com/cpufsm</a>) e com a carga horária total de 8 horas.</p>

<p><strong>Dia: 10/08/2021 &#8211; Terça-feira</strong></p>
<p>19h15 &#8211; Solenidade de abertura</p>
<p>19h40 &#8211; Palestra &#8211; Saúde e trabalho na pandemia: percepção dos trabalhadores</p>
<p style="padding-left: 80px">Profa. Dra. Karine Vanessa Perez (UNISC)</p>
<p>&nbsp;</p>
<p><strong>Dia: 11/08/2021 &#8211; Quarta-feira</strong></p>
<p>19h15 &#8211; Momento Cultural &#8211; Coral do Colégio Politécnico da UFSM</p>
<p>19h30min &#8211; Mesa-redonda &#8211; Oportunidades e desafios para a inserção de profissionais do ensino técnico e tecnológico no mundo do trabalho</p>
<p style="padding-left: 80px">Bruna Brandt (Efeito Mais)</p>
<p style="padding-left: 80px">Lidiane Bertê (Intelectus Gestão Estratégica de Pessoas)</p>
<p style="padding-left: 80px">Mariana Vargas (Futura Gestão de Pessoas)</p>

<p>A participação no evento não necessita de inscrição prévia. Para ter acesso ao certificado, os participantes deverão preencher o formulário que será disponibilizado no chat do Youtube durante o evento. Qualquer dúvida, entre em contato pelo email: <a href="mailto:encontrotecnicosgestao@politecnico.ufsm.br">encontrotecnicosgestao@politecnico.ufsm.br</a>.</p>

Canal YouTube do Colégio Politécnico da UFSM - https://www.youtube.com/cpufsm

<p>Coordenação dos Cursos Técnicos em Administração, em Contabilidade e em Secretariado.</p>
