{"id":10540,"date":"2025-10-01T15:38:47","date_gmt":"2025-10-01T18:38:47","guid":{"rendered":"https:\/\/www.ufsm.br\/unidades-universitarias\/politecnico\/?page_id=10540"},"modified":"2025-10-01T16:09:37","modified_gmt":"2025-10-01T19:09:37","slug":"pachamama","status":"publish","type":"page","link":"https:\/\/www.ufsm.br\/unidades-universitarias\/politecnico\/projetos\/pachamama","title":{"rendered":"Espa\u00e7o Pachamama: projeto de sensibiliza\u00e7\u00e3o ambiental para crian\u00e7as no Col\u00e9gio Polit\u00e9cnico"},"content":{"rendered":"\n<div class=\"wp-block-group is-nowrap is-layout-flex wp-container-core-group-is-layout-ad2f72ca wp-block-group-is-layout-flex\">\n\n\n<div class=\"wp-block-columns is-layout-flex wp-container-core-columns-is-layout-9d6595d7 wp-block-columns-is-layout-flex\">\n<div class=\"wp-block-column is-layout-flow wp-block-column-is-layout-flow\" style=\"flex-basis:40%\">\n<figure class=\"wp-block-image size-large\"><img fetchpriority=\"high\" decoding=\"async\" width=\"1024\" height=\"683\" src=\"https:\/\/www.ufsm.br\/app\/uploads\/sites\/405\/2023\/03\/IMG_0241-1-1024x683.jpg\" alt=\"\" class=\"wp-image-6722\" srcset=\"https:\/\/www.ufsm.br\/app\/uploads\/sites\/405\/2023\/03\/IMG_0241-1-1024x683.jpg 1024w, https:\/\/www.ufsm.br\/app\/uploads\/sites\/405\/2023\/03\/IMG_0241-1-300x200.jpg 300w, https:\/\/www.ufsm.br\/app\/uploads\/sites\/405\/2023\/03\/IMG_0241-1-768x512.jpg 768w, https:\/\/www.ufsm.br\/app\/uploads\/sites\/405\/2023\/03\/IMG_0241-1-1536x1024.jpg 1536w, https:\/\/www.ufsm.br\/app\/uploads\/sites\/405\/2023\/03\/IMG_0241-1-272x182.jpg 272w, https:\/\/www.ufsm.br\/app\/uploads\/sites\/405\/2023\/03\/IMG_0241-1.jpg 1920w\" sizes=\"(max-width: 1024px) 100vw, 1024px\" \/><figcaption class=\"wp-element-caption\"><strong>(Din\u00e2mica durante visita no ano de 2022 Foto: Arquivo do Projeto)<\/strong><\/figcaption><\/figure>\n<\/div>\n\n\n\n<div class=\"wp-block-column is-layout-flow wp-block-column-is-layout-flow\" style=\"flex-basis:60%\">\n<p>O Espa\u00e7o Pachamama \u2013 Laborat\u00f3rio de Educa\u00e7\u00e3o Ambiental L\u00fadica do Col\u00e9gio Polit\u00e9cnico da UFSM \u2013 recebe visitas de escolas com turmas da educa\u00e7\u00e3o infantil e dos anos iniciais do ensino fundamental. A participa\u00e7\u00e3o se d\u00e1 mediante inscri\u00e7\u00e3o pr\u00e9via via formul\u00e1rio para agendamento de data e hor\u00e1rio.<\/p>\n\n\n\n<p>O projeto utiliza uma s\u00e9rie de atividades l\u00fadicas que buscam potencializar a\u00e7\u00f5es mais sustent\u00e1veis em rela\u00e7\u00e3o ao nosso planeta&nbsp;e visitas a espa\u00e7os dentro da institui\u00e7\u00e3o, como o Laborat\u00f3rio de Esp\u00e9cies Nativas e Pr\u00e1ticas Ambientais e o Laborat\u00f3rio de Pr\u00e1ticas Alimentares. O Laborat\u00f3rio de Educa\u00e7\u00e3o Ambiental Pr\u00e1tica est\u00e1 localizado no Col\u00e9gio Polit\u00e9cnico da UFSM, Pr\u00e9dio 70, Bloco C, Sala 5.<\/p>\n<\/div>\n<\/div>\n<\/div>\n\n\n\n<h3 class=\"wp-block-heading has-text-align-center\">Acesse o Link para o formul\u00e1rio e inscreva sua escola:<\/h3>\n\n\n\n<p class=\"has-text-align-center\"><a href=\"https:\/\/docs.google.com\/forms\/d\/1kg44Zwk1ctDqNPBN3bCQ9PmX9ObO9Hm0ltNViA0n0F0\/edit\">Formul\u00e1rio para visitas Espa\u00e7o Pachamama<\/a><\/p>\n","protected":false},"excerpt":{"rendered":"<p>O Espa\u00e7o Pachamama \u2013 Laborat\u00f3rio de Educa\u00e7\u00e3o Ambiental L\u00fadica do Col\u00e9gio Polit\u00e9cnico da UFSM \u2013 recebe visitas de escolas com turmas da educa\u00e7\u00e3o infantil e dos anos iniciais do ensino fundamental. A participa\u00e7\u00e3o se d\u00e1 mediante inscri\u00e7\u00e3o pr\u00e9via via formul\u00e1rio para agendamento de data e hor\u00e1rio. O projeto utiliza uma s\u00e9rie de atividades l\u00fadicas que [&hellip;]<\/p>\n","protected":false},"author":275,"featured_media":0,"parent":312,"menu_order":0,"comment_status":"closed","ping_status":"closed","template":"","meta":{"footnotes":""},"categories":[454],"tags":[],"class_list":["post-10540","page","type-page","status-publish","hentry","category-projetos"],"acf":[],"_links":{"self":[{"href":"https:\/\/www.ufsm.br\/unidades-universitarias\/politecnico\/wp-json\/wp\/v2\/pages\/10540","targetHints":{"allow":["GET"]}}],"collection":[{"href":"https:\/\/www.ufsm.br\/unidades-universitarias\/politecnico\/wp-json\/wp\/v2\/pages"}],"about":[{"href":"https:\/\/www.ufsm.br\/unidades-universitarias\/politecnico\/wp-json\/wp\/v2\/types\/page"}],"author":[{"embeddable":true,"href":"https:\/\/www.ufsm.br\/unidades-universitarias\/politecnico\/wp-json\/wp\/v2\/users\/275"}],"replies":[{"embeddable":true,"href":"https:\/\/www.ufsm.br\/unidades-universitarias\/politecnico\/wp-json\/wp\/v2\/comments?post=10540"}],"version-history":[{"count":0,"href":"https:\/\/www.ufsm.br\/unidades-universitarias\/politecnico\/wp-json\/wp\/v2\/pages\/10540\/revisions"}],"up":[{"embeddable":true,"href":"https:\/\/www.ufsm.br\/unidades-universitarias\/politecnico\/wp-json\/wp\/v2\/pages\/312"}],"wp:attachment":[{"href":"https:\/\/www.ufsm.br\/unidades-universitarias\/politecnico\/wp-json\/wp\/v2\/media?parent=10540"}],"wp:term":[{"taxonomy":"category","embeddable":true,"href":"https:\/\/www.ufsm.br\/unidades-universitarias\/politecnico\/wp-json\/wp\/v2\/categories?post=10540"},{"taxonomy":"post_tag","embeddable":true,"href":"https:\/\/www.ufsm.br\/unidades-universitarias\/politecnico\/wp-json\/wp\/v2\/tags?post=10540"}],"curies":[{"name":"wp","href":"https:\/\/api.w.org\/{rel}","templated":true}]}}