{"id":69,"date":"2018-09-11T16:46:16","date_gmt":"2018-09-11T19:46:16","guid":{"rendered":"https:\/\/www.ufsm.br\/unidades-universitarias\/politecnico\/?page_id=69"},"modified":"2022-03-23T17:35:03","modified_gmt":"2022-03-23T20:35:03","slug":"gabinete-de-projetos-gap","status":"publish","type":"page","link":"https:\/\/www.ufsm.br\/unidades-universitarias\/politecnico\/gabinete-de-projetos-gap","title":{"rendered":"Gabinete de Projetos &#8211; GAP"},"content":{"rendered":"\t\t<div data-elementor-type=\"wp-post\" data-elementor-id=\"69\" class=\"elementor elementor-69\">\n\t\t\t\t\t\t<section class=\"elementor-section elementor-top-section elementor-element elementor-element-fd04e9f elementor-section-boxed elementor-section-height-default elementor-section-height-default\" data-id=\"fd04e9f\" data-element_type=\"section\">\n\t\t\t\t\t\t<div class=\"elementor-container elementor-column-gap-default\">\n\t\t\t\t\t<div class=\"elementor-column elementor-col-100 elementor-top-column elementor-element elementor-element-8d55413\" data-id=\"8d55413\" data-element_type=\"column\">\n\t\t\t<div class=\"elementor-widget-wrap elementor-element-populated\">\n\t\t\t\t\t\t<div class=\"elementor-element elementor-element-9995f5b elementor-widget elementor-widget-heading\" data-id=\"9995f5b\" data-element_type=\"widget\" data-widget_type=\"heading.default\">\n\t\t\t\t<div class=\"elementor-widget-container\">\n\t\t\t<h5 class=\"elementor-heading-title elementor-size-default\">Gabinete de Projetos<\/h5>\t\t<\/div>\n\t\t\t\t<\/div>\n\t\t\t\t<div class=\"elementor-element elementor-element-ab831b9 elementor-widget elementor-widget-text-editor\" data-id=\"ab831b9\" data-element_type=\"widget\" data-widget_type=\"text-editor.default\">\n\t\t\t\t<div class=\"elementor-widget-container\">\n\t\t\t\t\t\t\t<p>O Gabinete de Projetos \u00e9 o \u00f3rg\u00e3o que tem por finalidade prestar apoio ao Col\u00e9gio Polit\u00e9cnico atrav\u00e9s do controle, do registro, da avalia\u00e7\u00e3o e do acompanhamento dos projetos relacionados \u00e0s atividades de ensino, extens\u00e3o e pesquisa.<\/p>\t\t\t\t\t\t<\/div>\n\t\t\t\t<\/div>\n\t\t\t\t<div class=\"elementor-element elementor-element-20d4380 elementor-widget elementor-widget-text-editor\" data-id=\"20d4380\" data-element_type=\"widget\" data-widget_type=\"text-editor.default\">\n\t\t\t\t<div class=\"elementor-widget-container\">\n\t\t\t\t\t\t\t<p>Atribui\u00e7\u00f5es do Gabinete de Projetos:<\/p>\t\t\t\t\t\t<\/div>\n\t\t\t\t<\/div>\n\t\t\t\t<div class=\"elementor-element elementor-element-91e95cc elementor-widget elementor-widget-html\" data-id=\"91e95cc\" data-element_type=\"widget\" data-widget_type=\"html.default\">\n\t\t\t\t<div class=\"elementor-widget-container\">\n\t\t\t<ul>\n \t<li>apoiar as atividades de elabora\u00e7\u00e3o dos projetos de ensino, pesquisa e extens\u00e3o no \u00e2mbito do Col\u00e9gio Polit\u00e9cnico;<\/li>\n \t<li>informar, de forma permanente, aos pesquisadores e extensionistas do Col\u00e9gio Polit\u00e9cnico todos os editais que s\u00e3o disponibilizados pelos \u00d3rg\u00e3os de Fomento;<\/li>\n \t<li>acompanhar e propor encaminhamentos referente a chamadas p\u00fablicas para financiamento de pesquisa, inova\u00e7\u00e3o e p\u00f3s-gradua\u00e7\u00e3o ofertadas por \u00f3rg\u00e3os de fomento estaduais, nacionais e internacionais;<\/li>\n \t<li>cadastrar e manter banco de dados atualizado com informa\u00e7\u00f5es relacionadas aos projetos de ensino, pesquisa e extens\u00e3o em desenvolvimento e j\u00e1 executados no \u00e2mbito do Col\u00e9gio Polit\u00e9cnico;<\/li>\n \t<li>manter cadastro de \u00f3rg\u00e3os de fomento para pesquisa, ensino e extens\u00e3o, quando se fizer necess\u00e1rio;<\/li>\n \t<li>assessorar os executores e interessados quanto \u00e0s normas e aos procedimentos, no que diz respeito aos projetos;<\/li>\n \t<li>assessorar a elabora\u00e7\u00e3o de projetos de interesse do Col\u00e9gio Polit\u00e9cnico;<\/li>\n \t<li>desempenhar outras atividades determinadas pelos Departamentos ou pela Dire\u00e7\u00e3o do Col\u00e9gio Polit\u00e9cnico.<\/li>\n<\/ul>\t\t<\/div>\n\t\t\t\t<\/div>\n\t\t\t\t<div class=\"elementor-element elementor-element-312025d elementor-widget elementor-widget-text-editor\" data-id=\"312025d\" data-element_type=\"widget\" data-widget_type=\"text-editor.default\">\n\t\t\t\t<div class=\"elementor-widget-container\">\n\t\t\t\t\t\t\t<p><strong>TAE respons\u00e1vel pelo GAP- Polit\u00e9cnico<\/strong><br \/>R\u00e9gis Moreira Reis<\/p>\t\t\t\t\t\t<\/div>\n\t\t\t\t<\/div>\n\t\t\t\t<div class=\"elementor-element elementor-element-cbebc47 elementor-widget elementor-widget-text-editor\" data-id=\"cbebc47\" data-element_type=\"widget\" data-widget_type=\"text-editor.default\">\n\t\t\t\t<div class=\"elementor-widget-container\">\n\t\t\t\t\t\t\t<p><strong>Sala:<\/strong> F322-B<br>\n<strong>E-mail:<\/strong>&nbsp;<a href=\"mailto:depe.politecnico@ufsm.br\">depe.politecnico@ufsm.br<\/a><br>\n<strong>Telefone:<\/strong> (55) 3220-9419 &#8211; Ramal 288<\/p>\t\t\t\t\t\t<\/div>\n\t\t\t\t<\/div>\n\t\t\t\t\t<\/div>\n\t\t<\/div>\n\t\t\t\t\t<\/div>\n\t\t<\/section>\n\t\t\t\t<section class=\"elementor-section elementor-top-section elementor-element elementor-element-0fdd956 elementor-section-boxed elementor-section-height-default elementor-section-height-default\" data-id=\"0fdd956\" data-element_type=\"section\">\n\t\t\t\t\t\t<div class=\"elementor-container elementor-column-gap-default\">\n\t\t\t\t\t<div class=\"elementor-column elementor-col-100 elementor-top-column elementor-element elementor-element-0c4c4fd\" data-id=\"0c4c4fd\" data-element_type=\"column\">\n\t\t\t<div class=\"elementor-widget-wrap elementor-element-populated\">\n\t\t\t\t\t\t<div class=\"elementor-element elementor-element-679ef56 elementor-widget elementor-widget-heading\" data-id=\"679ef56\" data-element_type=\"widget\" data-widget_type=\"heading.default\">\n\t\t\t\t<div class=\"elementor-widget-container\">\n\t\t\t<h5 class=\"elementor-heading-title elementor-size-default\">Atribui\u00e7\u00f5es Operacionais<\/h5>\t\t<\/div>\n\t\t\t\t<\/div>\n\t\t\t\t<div class=\"elementor-element elementor-element-4eac449 elementor-widget elementor-widget-html\" data-id=\"4eac449\" data-element_type=\"widget\" data-widget_type=\"html.default\">\n\t\t\t\t<div class=\"elementor-widget-container\">\n\t\t\t<ol>\n \t<li>Acompanhar e Tramitar os processos de Registro de Projetos do Col\u00e9gio Polit\u00e9cnico e temporariamente os do CTISM;<\/li>\n \t<li>Promover, mensalmente, a execu\u00e7\u00e3o financeira dos processos de pagamento das diferentes bolsas do Polit\u00e9cnico;<\/li>\n \t<li>Responder e comparecer, como Membro, \u00e0s convoca\u00e7\u00f5es ordin\u00e1rias e extraordin\u00e1rias da C\u00e2mara de Extens\u00e3o e Reuni\u00f5es da Pr\u00f3-reitora de Pesquisa;<\/li>\n \t<li>Participar como Organizadora da JAI \u2013 Jornada Acad\u00eamica Integrada;<\/li>\n \t<li>Auxiliar no Planejamento Financeiro Anual e na Capita\u00e7\u00e3o e Execu\u00e7\u00e3o dos Recursos (Empenho dos Projetos de Pesquisa e Extens\u00e3o do Col\u00e9gio Polit\u00e9cnico).<\/li>\n<\/ol>\t\t<\/div>\n\t\t\t\t<\/div>\n\t\t\t\t\t<\/div>\n\t\t<\/div>\n\t\t\t\t\t<\/div>\n\t\t<\/section>\n\t\t\t\t<section class=\"elementor-section elementor-top-section elementor-element elementor-element-c80dab9 elementor-section-boxed elementor-section-height-default elementor-section-height-default\" data-id=\"c80dab9\" data-element_type=\"section\">\n\t\t\t\t\t\t<div class=\"elementor-container elementor-column-gap-default\">\n\t\t\t\t\t<div class=\"elementor-column elementor-col-100 elementor-top-column elementor-element elementor-element-a100624\" data-id=\"a100624\" data-element_type=\"column\">\n\t\t\t<div class=\"elementor-widget-wrap elementor-element-populated\">\n\t\t\t\t\t\t<div class=\"elementor-element elementor-element-cd6a7fa elementor-widget elementor-widget-heading\" data-id=\"cd6a7fa\" data-element_type=\"widget\" data-widget_type=\"heading.default\">\n\t\t\t\t<div class=\"elementor-widget-container\">\n\t\t\t<h5 class=\"elementor-heading-title elementor-size-default\">Tutoriais de Elabora\u00e7\u00e3o e Registros de Projetos<\/h5>\t\t<\/div>\n\t\t\t\t<\/div>\n\t\t\t\t<div class=\"elementor-element elementor-element-75bdb88 elementor-widget elementor-widget-text-editor\" data-id=\"75bdb88\" data-element_type=\"widget\" data-widget_type=\"text-editor.default\">\n\t\t\t\t<div class=\"elementor-widget-container\">\n\t\t\t\t\t\t\t<ul><li><a href=\"https:\/\/www.ufsm.br\/unidades-universitarias\/politecnico\/wp-content\/uploads\/sites\/405\/2019\/02\/registros_de_projetospronto.doc\">Como Registrar no SIE<\/a><\/li>\n<\/ul>\t\t\t\t\t\t<\/div>\n\t\t\t\t<\/div>\n\t\t\t\t\t<\/div>\n\t\t<\/div>\n\t\t\t\t\t<\/div>\n\t\t<\/section>\n\t\t\t\t<\/div>\n\t\t","protected":false},"excerpt":{"rendered":"<p>Gabinete de Projetos O Gabinete de Projetos \u00e9 o \u00f3rg\u00e3o que tem por finalidade prestar apoio ao Col\u00e9gio Polit\u00e9cnico atrav\u00e9s do controle, do registro, da avalia\u00e7\u00e3o e do acompanhamento dos projetos relacionados \u00e0s atividades de ensino, extens\u00e3o e pesquisa. Atribui\u00e7\u00f5es do Gabinete de Projetos: apoiar as atividades de elabora\u00e7\u00e3o dos projetos de ensino, pesquisa e [&hellip;]<\/p>\n","protected":false},"author":201,"featured_media":0,"parent":0,"menu_order":0,"comment_status":"closed","ping_status":"closed","template":"","meta":{"footnotes":""},"categories":[],"tags":[],"class_list":["post-69","page","type-page","status-publish","hentry"],"acf":[],"_links":{"self":[{"href":"https:\/\/www.ufsm.br\/unidades-universitarias\/politecnico\/wp-json\/wp\/v2\/pages\/69","targetHints":{"allow":["GET"]}}],"collection":[{"href":"https:\/\/www.ufsm.br\/unidades-universitarias\/politecnico\/wp-json\/wp\/v2\/pages"}],"about":[{"href":"https:\/\/www.ufsm.br\/unidades-universitarias\/politecnico\/wp-json\/wp\/v2\/types\/page"}],"author":[{"embeddable":true,"href":"https:\/\/www.ufsm.br\/unidades-universitarias\/politecnico\/wp-json\/wp\/v2\/users\/201"}],"replies":[{"embeddable":true,"href":"https:\/\/www.ufsm.br\/unidades-universitarias\/politecnico\/wp-json\/wp\/v2\/comments?post=69"}],"version-history":[{"count":0,"href":"https:\/\/www.ufsm.br\/unidades-universitarias\/politecnico\/wp-json\/wp\/v2\/pages\/69\/revisions"}],"wp:attachment":[{"href":"https:\/\/www.ufsm.br\/unidades-universitarias\/politecnico\/wp-json\/wp\/v2\/media?parent=69"}],"wp:term":[{"taxonomy":"category","embeddable":true,"href":"https:\/\/www.ufsm.br\/unidades-universitarias\/politecnico\/wp-json\/wp\/v2\/categories?post=69"},{"taxonomy":"post_tag","embeddable":true,"href":"https:\/\/www.ufsm.br\/unidades-universitarias\/politecnico\/wp-json\/wp\/v2\/tags?post=69"}],"curies":[{"name":"wp","href":"https:\/\/api.w.org\/{rel}","templated":true}]}}